Last updated on 2022-08-15 08:50:10 CEST.
Flavor | Version | Tinstall | Tcheck | Ttotal | Status | Flags |
---|---|---|---|---|---|---|
r-devel-linux-x86_64-debian-clang | 1.2.5 | 10.95 | 60.83 | 71.78 | NOTE | |
r-devel-linux-x86_64-debian-gcc | 1.2.5 | 7.58 | 46.96 | 54.54 | NOTE | |
r-devel-linux-x86_64-fedora-clang | 1.2.5 | 93.52 | NOTE | |||
r-devel-linux-x86_64-fedora-gcc | 1.2.5 | 91.25 | NOTE | |||
r-devel-windows-x86_64 | 1.2.5 | 39.00 | 100.00 | 139.00 | NOTE | |
r-patched-linux-x86_64 | 1.2.5 | 8.92 | 56.76 | 65.68 | NOTE | |
r-release-linux-x86_64 | 1.2.5 | 8.01 | 57.22 | 65.23 | NOTE | |
r-release-macos-arm64 | 1.2.5 | 27.00 | NOTE | |||
r-release-macos-x86_64 | 1.2.5 | 42.00 | NOTE | |||
r-release-windows-x86_64 | 1.2.5 | 75.00 | 108.00 | 183.00 | NOTE | |
r-oldrel-macos-arm64 | 1.2.5 | 36.00 | NOTE | |||
r-oldrel-macos-x86_64 | 1.2.5 | 61.00 | NOTE | |||
r-oldrel-windows-ix86+x86_64 | 1.2.5 | 19.00 | 127.00 | 146.00 | NOTE |
Version: 1.2.5
Check: LazyData
Result: NOTE
'LazyData' is specified without a 'data' directory
Flavors: r-devel-linux-x86_64-debian-clang, r-devel-linux-x86_64-debian-gcc, r-devel-linux-x86_64-fedora-clang, r-devel-linux-x86_64-fedora-gcc, r-devel-windows-x86_64, r-patched-linux-x86_64, r-release-linux-x86_64, r-release-macos-arm64, r-release-macos-x86_64, r-release-windows-x86_64, r-oldrel-macos-arm64, r-oldrel-macos-x86_64, r-oldrel-windows-ix86+x86_64