Last updated on 2022-08-15 08:50:10 CEST.
Flavor | Version | Tinstall | Tcheck | Ttotal | Status | Flags |
---|---|---|---|---|---|---|
r-devel-linux-x86_64-debian-clang | 0.1.1 | 9.88 | 69.44 | 79.32 | OK | |
r-devel-linux-x86_64-debian-gcc | 0.1.1 | 5.57 | 51.49 | 57.06 | OK | |
r-devel-linux-x86_64-fedora-clang | 0.1.1 | 102.76 | NOTE | |||
r-devel-linux-x86_64-fedora-gcc | 0.1.1 | 98.56 | NOTE | |||
r-devel-windows-x86_64 | 0.1.1 | 58.00 | 96.00 | 154.00 | OK | |
r-patched-linux-x86_64 | 0.1.1 | 15.18 | 63.38 | 78.56 | OK | |
r-release-linux-x86_64 | 0.1.1 | 8.18 | 64.60 | 72.78 | OK | |
r-release-macos-arm64 | 0.1.1 | 35.00 | NOTE | |||
r-release-macos-x86_64 | 0.1.1 | 45.00 | NOTE | |||
r-release-windows-x86_64 | 0.1.1 | 82.00 | 101.00 | 183.00 | OK |
Version: 0.1.1
Check: data for non-ASCII characters
Result: NOTE
Note: found 1725 marked UTF-8 strings
Flavors: r-devel-linux-x86_64-fedora-clang, r-devel-linux-x86_64-fedora-gcc, r-release-macos-arm64, r-release-macos-x86_64