Last updated on 2022-08-15 08:50:10 CEST.
Flavor | Version | Tinstall | Tcheck | Ttotal | Status | Flags |
---|---|---|---|---|---|---|
r-devel-linux-x86_64-debian-clang | 1.7.11 | 241.56 | 469.70 | 711.26 | OK | |
r-devel-linux-x86_64-debian-gcc | 1.7.11 | 183.23 | 328.68 | 511.91 | OK | |
r-devel-linux-x86_64-fedora-clang | 1.7.11 | 917.53 | OK | |||
r-devel-linux-x86_64-fedora-gcc | 1.7.11 | 855.87 | OK | |||
r-devel-windows-x86_64 | 1.7.11 | 184.00 | 473.00 | 657.00 | OK | |
r-patched-linux-x86_64 | 1.7.11 | 206.92 | 418.27 | 625.19 | OK | |
r-release-linux-x86_64 | 1.7.11 | 185.16 | 416.19 | 601.35 | OK | |
r-release-macos-arm64 | 1.7.11 | 205.00 | NOTE | |||
r-release-macos-x86_64 | 1.7.11 | 294.00 | NOTE | |||
r-release-windows-x86_64 | 1.7.11 | 187.00 | 487.00 | 674.00 | OK | |
r-oldrel-macos-arm64 | 1.7.11 | 203.00 | NOTE | |||
r-oldrel-macos-x86_64 | 1.7.11 | 290.00 | NOTE | |||
r-oldrel-windows-ix86+x86_64 | 1.7.11 | 510.00 | 563.00 | 1073.00 | NOTE |
Version: 1.7.11
Check: installed package size
Result: NOTE
installed size is 9.5Mb
sub-directories of 1Mb or more:
libs 7.2Mb
Flavors: r-release-macos-arm64, r-release-macos-x86_64, r-oldrel-macos-arm64, r-oldrel-macos-x86_64, r-oldrel-windows-ix86+x86_64