Last updated on 2022-08-15 08:50:10 CEST.
Flavor | Version | Tinstall | Tcheck | Ttotal | Status | Flags |
---|---|---|---|---|---|---|
r-devel-linux-x86_64-debian-clang | 0.1.1 | 5.64 | 54.31 | 59.95 | OK | |
r-devel-linux-x86_64-debian-gcc | 0.1.1 | 3.74 | 40.89 | 44.63 | OK | |
r-devel-linux-x86_64-fedora-clang | 0.1.1 | 81.08 | NOTE | |||
r-devel-linux-x86_64-fedora-gcc | 0.1.1 | 78.94 | NOTE | |||
r-devel-windows-x86_64 | 0.1.1 | 14.00 | 76.00 | 90.00 | OK | |
r-patched-linux-x86_64 | 0.1.1 | 5.47 | 50.00 | 55.47 | OK | |
r-release-linux-x86_64 | 0.1.1 | 5.04 | 50.76 | 55.80 | OK | |
r-release-macos-arm64 | 0.1.1 | 26.00 | NOTE | |||
r-release-macos-x86_64 | 0.1.1 | 45.00 | NOTE | |||
r-release-windows-x86_64 | 0.1.1 | 14.00 | 77.00 | 91.00 | OK | |
r-oldrel-macos-arm64 | 0.1.1 | 32.00 | NOTE | |||
r-oldrel-macos-x86_64 | 0.1.1 | 43.00 | NOTE | |||
r-oldrel-windows-ix86+x86_64 | 0.1.1 | 15.00 | 75.00 | 90.00 | OK |
Version: 0.1.1
Check: dependencies in R code
Result: NOTE
Namespace in Imports field not imported from: ‘ks’
All declared Imports should be used.
Flavors: r-devel-linux-x86_64-fedora-clang, r-devel-linux-x86_64-fedora-gcc, r-release-macos-arm64, r-release-macos-x86_64, r-oldrel-macos-arm64, r-oldrel-macos-x86_64
Version: 0.1.1
Check: Rd cross-references
Result: NOTE
Undeclared package ‘HDoutliers’ in Rd xrefs
Flavor: r-devel-linux-x86_64-fedora-clang