Last updated on 2022-08-15 08:50:10 CEST.
Flavor | Version | Tinstall | Tcheck | Ttotal | Status | Flags |
---|---|---|---|---|---|---|
r-devel-linux-x86_64-debian-clang | 1.5-1 | 148.14 | 226.10 | 374.24 | OK | |
r-devel-linux-x86_64-debian-gcc | 1.5-1 | 124.18 | 165.99 | 290.17 | OK | |
r-devel-linux-x86_64-fedora-clang | 1.5-1 | 501.31 | OK | |||
r-devel-linux-x86_64-fedora-gcc | 1.5-1 | 480.77 | OK | |||
r-devel-windows-x86_64 | 1.5-1 | 161.00 | 317.00 | 478.00 | OK | |
r-patched-linux-x86_64 | 1.5-1 | 130.19 | 211.34 | 341.53 | OK | |
r-release-linux-x86_64 | 1.5-1 | 126.30 | 212.09 | 338.39 | OK | |
r-release-macos-arm64 | 1.5-1 | 117.00 | NOTE | |||
r-release-macos-x86_64 | 1.5-1 | 189.00 | NOTE | |||
r-release-windows-x86_64 | 1.5-1 | 157.00 | 332.00 | 489.00 | OK | |
r-oldrel-macos-arm64 | 1.5-1 | 116.00 | NOTE | |||
r-oldrel-macos-x86_64 | 1.5-1 | 163.00 | NOTE | |||
r-oldrel-windows-ix86+x86_64 | 1.5-1 | 352.00 | 387.00 | 739.00 | NOTE |
Version: 1.5-1
Check: installed package size
Result: NOTE
installed size is 12.9Mb
sub-directories of 1Mb or more:
doc 2.1Mb
libs 9.9Mb
Flavors: r-release-macos-arm64, r-release-macos-x86_64, r-oldrel-macos-arm64, r-oldrel-macos-x86_64, r-oldrel-windows-ix86+x86_64