Last updated on 2022-08-15 08:50:10 CEST.
Flavor | Version | Tinstall | Tcheck | Ttotal | Status | Flags |
---|---|---|---|---|---|---|
r-devel-linux-x86_64-debian-clang | 1.4.3 | 6.63 | 46.90 | 53.53 | OK | |
r-devel-linux-x86_64-debian-gcc | 1.4.3 | 4.88 | 35.85 | 40.73 | OK | |
r-devel-linux-x86_64-fedora-clang | 1.4.3 | 78.24 | OK | |||
r-devel-linux-x86_64-fedora-gcc | 1.4.3 | 73.66 | OK | |||
r-devel-windows-x86_64 | 1.4.3 | 13.00 | 85.00 | 98.00 | OK | |
r-patched-linux-x86_64 | 1.4.3 | 6.87 | 44.12 | 50.99 | OK | |
r-release-linux-x86_64 | 1.4.3 | 5.39 | 45.09 | 50.48 | OK | |
r-release-macos-arm64 | 1.4.3 | 25.00 | OK | |||
r-release-macos-x86_64 | 1.4.3 | 36.00 | OK | |||
r-release-windows-x86_64 | 1.4.3 | 38.00 | 90.00 | 128.00 | OK | |
r-oldrel-macos-arm64 | 1.4.3 | 25.00 | OK | |||
r-oldrel-macos-x86_64 | 1.4.3 | 49.00 | OK | |||
r-oldrel-windows-ix86+x86_64 | 1.4.3 | 13.00 | 11.00 | 24.00 | ERROR |
Version: 1.4.3
Check: package dependencies
Result: ERROR
Package required and available but unsuitable version: 'stringi'
See section 'The DESCRIPTION file' in the 'Writing R Extensions'
manual.
Flavor: r-oldrel-windows-ix86+x86_64