Last updated on 2022-08-15 08:50:10 CEST.
Flavor | Version | Tinstall | Tcheck | Ttotal | Status | Flags |
---|---|---|---|---|---|---|
r-devel-linux-x86_64-debian-clang | 1.0-3 | 3.17 | 81.54 | 84.71 | NOTE | |
r-devel-linux-x86_64-debian-gcc | 1.0-3 | 2.56 | 60.96 | 63.52 | NOTE | |
r-devel-linux-x86_64-fedora-clang | 1.0-3 | 108.25 | NOTE | |||
r-devel-linux-x86_64-fedora-gcc | 1.0-3 | 107.69 | NOTE | |||
r-devel-windows-x86_64 | 1.0-3 | 23.00 | 105.00 | 128.00 | NOTE | |
r-patched-linux-x86_64 | 1.0-3 | 3.27 | 77.11 | 80.38 | NOTE | |
r-release-linux-x86_64 | 1.0-3 | 3.35 | 75.59 | 78.94 | NOTE | |
r-release-macos-arm64 | 1.0-3 | 34.00 | NOTE | |||
r-release-macos-x86_64 | 1.0-3 | 45.00 | NOTE | |||
r-release-windows-x86_64 | 1.0-3 | 19.00 | 111.00 | 130.00 | NOTE | |
r-oldrel-macos-arm64 | 1.0-3 | 35.00 | NOTE | |||
r-oldrel-macos-x86_64 | 1.0-3 | 45.00 | NOTE | |||
r-oldrel-windows-ix86+x86_64 | 1.0-3 | 6.00 | 102.00 | 108.00 | NOTE |
Version: 1.0-3
Check: LazyData
Result: NOTE
'LazyData' is specified without a 'data' directory
Flavors: r-devel-linux-x86_64-debian-clang, r-devel-linux-x86_64-debian-gcc, r-devel-linux-x86_64-fedora-clang, r-devel-linux-x86_64-fedora-gcc, r-devel-windows-x86_64, r-patched-linux-x86_64, r-release-linux-x86_64, r-release-macos-arm64, r-release-macos-x86_64, r-release-windows-x86_64, r-oldrel-macos-arm64, r-oldrel-macos-x86_64, r-oldrel-windows-ix86+x86_64