Last updated on 2022-08-15 08:50:10 CEST.
Flavor | Version | Tinstall | Tcheck | Ttotal | Status | Flags |
---|---|---|---|---|---|---|
r-devel-linux-x86_64-debian-clang | 1.5-3-1.0.4 | 96.51 | 100.34 | 196.85 | NOTE | |
r-devel-linux-x86_64-debian-gcc | 1.5-3-1.0.4 | 83.17 | 73.30 | 156.47 | NOTE | |
r-devel-linux-x86_64-fedora-clang | 1.5-3-1.0.4 | 278.90 | NOTE | |||
r-devel-linux-x86_64-fedora-gcc | 1.5-3-1.0.4 | 254.52 | NOTE | |||
r-devel-windows-x86_64 | 1.5-3-1.0.4 | 209.00 | 159.00 | 368.00 | NOTE | |
r-patched-linux-x86_64 | 1.5-3-1.0.4 | 84.14 | 93.25 | 177.39 | OK | |
r-release-linux-x86_64 | 1.5-3-1.0.4 | 84.13 | 92.60 | 176.73 | OK | |
r-release-macos-arm64 | 1.5-3-1.0.4 | 64.00 | NOTE | |||
r-release-macos-x86_64 | 1.5-3-1.0.4 | 91.00 | NOTE | |||
r-release-windows-x86_64 | 1.5-3-1.0.4 | 175.00 | 167.00 | 342.00 | OK | |
r-oldrel-macos-arm64 | 1.5-3-1.0.4 | 105.00 | NOTE | |||
r-oldrel-macos-x86_64 | 1.5-3-1.0.4 | 88.00 | NOTE | |||
r-oldrel-windows-ix86+x86_64 | 1.5-3-1.0.4 | 249.00 | 172.00 | 421.00 | OK |
Version: 1.5-3-1.0.4
Check: Rd files
Result: NOTE
checkRd: (-1) SP2001.Rd:3: Escaped LaTeX specials: \&
checkRd: (-1) SP2001.Rd:5: Escaped LaTeX specials: \&
checkRd: (-1) SP2001.Rd:12: Escaped LaTeX specials: \&
Flavors: r-devel-linux-x86_64-debian-clang, r-devel-linux-x86_64-debian-gcc, r-devel-linux-x86_64-fedora-clang, r-devel-linux-x86_64-fedora-gcc, r-devel-windows-x86_64
Version: 1.5-3-1.0.4
Check: installed package size
Result: NOTE
installed size is 5.6Mb
sub-directories of 1Mb or more:
libs 4.2Mb
Flavors: r-release-macos-arm64, r-release-macos-x86_64, r-oldrel-macos-arm64, r-oldrel-macos-x86_64