Last updated on 2022-08-15 08:50:10 CEST.
Flavor | Version | Tinstall | Tcheck | Ttotal | Status | Flags |
---|---|---|---|---|---|---|
r-devel-linux-x86_64-debian-clang | 3.0.7 | 10.48 | 86.25 | 96.73 | OK | |
r-devel-linux-x86_64-debian-gcc | 3.0.7 | 8.93 | 65.43 | 74.36 | OK | |
r-devel-linux-x86_64-fedora-clang | 3.0.7 | 125.76 | NOTE | |||
r-devel-linux-x86_64-fedora-gcc | 3.0.7 | 127.86 | NOTE | |||
r-devel-windows-x86_64 | 3.0.7 | 15.00 | 107.00 | 122.00 | OK | |
r-patched-linux-x86_64 | 3.0.7 | 7.66 | 83.55 | 91.21 | OK | |
r-release-linux-x86_64 | 3.0.7 | 6.97 | 81.50 | 88.47 | OK | |
r-release-macos-arm64 | 3.0.7 | 40.00 | NOTE | |||
r-release-macos-x86_64 | 3.0.7 | 54.00 | NOTE | |||
r-release-windows-x86_64 | 3.0.7 | 14.00 | 115.00 | 129.00 | OK | |
r-oldrel-macos-arm64 | 3.0.7 | 37.00 | NOTE | |||
r-oldrel-macos-x86_64 | 3.0.7 | 50.00 | NOTE | |||
r-oldrel-windows-ix86+x86_64 | 3.0.7 | 23.00 | 103.00 | 126.00 | OK |
Version: 3.0.7
Check: dependencies in R code
Result: NOTE
Namespaces in Imports field not imported from:
‘DT’ ‘bsplus’ ‘colourpicker’ ‘grDevices’ ‘graphics’ ‘jsonlite’
‘purrr’ ‘shinyjs’
All declared Imports should be used.
Flavors: r-devel-linux-x86_64-fedora-clang, r-devel-linux-x86_64-fedora-gcc, r-release-macos-arm64, r-release-macos-x86_64, r-oldrel-macos-arm64, r-oldrel-macos-x86_64