Last updated on 2022-08-15 08:50:10 CEST.
Flavor | Version | Tinstall | Tcheck | Ttotal | Status | Flags |
---|---|---|---|---|---|---|
r-devel-linux-x86_64-debian-clang | 0.1.4.1 | 97.41 | 46.34 | 143.75 | OK | |
r-devel-linux-x86_64-debian-gcc | 0.1.4.1 | 63.55 | 34.51 | 98.06 | OK | |
r-devel-linux-x86_64-fedora-clang | 0.1.4.1 | 196.64 | OK | |||
r-devel-linux-x86_64-fedora-gcc | 0.1.4.1 | 178.77 | OK | |||
r-devel-windows-x86_64 | 0.1.4.1 | 126.00 | 97.00 | 223.00 | OK | |
r-patched-linux-x86_64 | 0.1.4.1 | 74.09 | 42.93 | 117.02 | OK | |
r-release-linux-x86_64 | 0.1.4.1 | 73.09 | 43.02 | 116.11 | OK | |
r-release-macos-arm64 | 0.1.4.1 | 49.00 | NOTE | |||
r-release-macos-x86_64 | 0.1.4.1 | 78.00 | NOTE | |||
r-release-windows-x86_64 | 0.1.4.1 | 135.00 | 105.00 | 240.00 | OK | |
r-oldrel-macos-arm64 | 0.1.4.1 | 61.00 | NOTE | |||
r-oldrel-macos-x86_64 | 0.1.4.1 | 100.00 | NOTE | |||
r-oldrel-windows-ix86+x86_64 | 0.1.4.1 | 219.00 | 111.00 | 330.00 | OK |
Version: 0.1.4.1
Check: installed package size
Result: NOTE
installed size is 5.6Mb
sub-directories of 1Mb or more:
libs 3.2Mb
Flavors: r-release-macos-arm64, r-release-macos-x86_64, r-oldrel-macos-arm64, r-oldrel-macos-x86_64