Last updated on 2022-08-15 08:50:10 CEST.
Flavor | Version | Tinstall | Tcheck | Ttotal | Status | Flags |
---|---|---|---|---|---|---|
r-devel-linux-x86_64-debian-clang | 0.95.0 | 11.17 | 317.85 | 329.02 | OK | |
r-devel-linux-x86_64-debian-gcc | 0.95.0 | 9.08 | 221.27 | 230.35 | OK | |
r-devel-linux-x86_64-fedora-clang | 0.95.0 | 367.71 | NOTE | |||
r-devel-linux-x86_64-fedora-gcc | 0.95.0 | 384.06 | OK | |||
r-devel-windows-x86_64 | 0.95.0 | 43.00 | 363.00 | 406.00 | NOTE | |
r-patched-linux-x86_64 | 0.95.0 | 11.31 | 284.29 | 295.60 | OK | |
r-release-linux-x86_64 | 0.95.0 | 10.83 | 286.50 | 297.33 | OK | |
r-release-macos-arm64 | 0.95.0 | 128.00 | NOTE | |||
r-release-macos-x86_64 | 0.95.0 | 169.00 | NOTE | |||
r-release-windows-x86_64 | 0.95.0 | 51.00 | 356.00 | 407.00 | NOTE | |
r-oldrel-macos-arm64 | 0.95.0 | 142.00 | NOTE | |||
r-oldrel-macos-x86_64 | 0.95.0 | 191.00 | NOTE | |||
r-oldrel-windows-ix86+x86_64 | 0.95.0 | 25.00 | 391.00 | 416.00 | NOTE |
Version: 0.95.0
Check: installed package size
Result: NOTE
installed size is 13.4Mb
sub-directories of 1Mb or more:
doc 12.7Mb
Flavors: r-devel-linux-x86_64-fedora-clang, r-devel-windows-x86_64, r-release-macos-arm64, r-release-macos-x86_64, r-release-windows-x86_64, r-oldrel-macos-arm64, r-oldrel-macos-x86_64, r-oldrel-windows-ix86+x86_64