Last updated on 2022-08-15 08:50:10 CEST.
Flavor | Version | Tinstall | Tcheck | Ttotal | Status | Flags |
---|---|---|---|---|---|---|
r-devel-linux-x86_64-debian-clang | 0.5.5 | 53.70 | 74.14 | 127.84 | NOTE | |
r-devel-linux-x86_64-debian-gcc | 0.5.5 | 46.71 | 55.31 | 102.02 | NOTE | |
r-devel-linux-x86_64-fedora-clang | 0.5.5 | 174.15 | NOTE | |||
r-devel-linux-x86_64-fedora-gcc | 0.5.5 | 184.77 | NOTE | |||
r-devel-windows-x86_64 | 0.5.5 | 68.00 | 122.00 | 190.00 | OK | |
r-patched-linux-x86_64 | 0.5.5 | 61.14 | 66.11 | 127.25 | OK | |
r-release-linux-x86_64 | 0.5.5 | 52.10 | 67.27 | 119.37 | OK | |
r-release-macos-arm64 | 0.5.5 | 51.00 | OK | |||
r-release-macos-x86_64 | 0.5.5 | 62.00 | OK | |||
r-release-windows-x86_64 | 0.5.5 | 66.00 | 131.00 | 197.00 | OK | |
r-oldrel-macos-arm64 | 0.5.5 | 52.00 | OK | |||
r-oldrel-macos-x86_64 | 0.5.5 | 71.00 | OK | |||
r-oldrel-windows-ix86+x86_64 | 0.5.5 | 128.00 | 139.00 | 267.00 | OK |
Version: 0.5.5
Check: HTML version of manual
Result: NOTE
Found the following HTML validation problems:
RandomSearchCV.html:75:6: Warning: missing </span> before <p>
RandomSearchCV.html:75:102: Warning: inserting implicit <span>
RandomSearchCV.html:75:6: Warning: trimming empty <span>
Flavors: r-devel-linux-x86_64-debian-clang, r-devel-linux-x86_64-debian-gcc, r-devel-linux-x86_64-fedora-clang, r-devel-linux-x86_64-fedora-gcc