Last updated on 2022-08-15 08:50:10 CEST.
Flavor | Version | Tinstall | Tcheck | Ttotal | Status | Flags |
---|---|---|---|---|---|---|
r-devel-linux-x86_64-debian-clang | 0.2.0 | 5.56 | 59.96 | 65.52 | OK | |
r-devel-linux-x86_64-debian-gcc | 0.2.0 | 4.39 | 45.22 | 49.61 | OK | |
r-devel-linux-x86_64-fedora-clang | 0.2.0 | 89.98 | NOTE | |||
r-devel-linux-x86_64-fedora-gcc | 0.2.0 | 86.61 | OK | |||
r-devel-windows-x86_64 | 0.2.0 | 15.00 | 81.00 | 96.00 | OK | |
r-patched-linux-x86_64 | 0.2.0 | 6.06 | 54.62 | 60.68 | OK | |
r-release-linux-x86_64 | 0.2.0 | 5.03 | 55.19 | 60.22 | OK | |
r-release-macos-arm64 | 0.2.0 | 26.00 | OK | |||
r-release-macos-x86_64 | 0.2.0 | 48.00 | OK | |||
r-release-windows-x86_64 | 0.2.0 | 18.00 | 85.00 | 103.00 | OK | |
r-oldrel-macos-arm64 | 0.2.0 | 30.00 | OK | |||
r-oldrel-macos-x86_64 | 0.2.0 | 51.00 | OK | |||
r-oldrel-windows-ix86+x86_64 | 0.2.0 | 16.00 | 77.00 | 93.00 | OK |
Version: 0.2.0
Check: Rd cross-references
Result: NOTE
Undeclared package ‘truncdist’ in Rd xrefs
Flavor: r-devel-linux-x86_64-fedora-clang