Last updated on 2022-08-15 08:50:10 CEST.
Flavor | Version | Tinstall | Tcheck | Ttotal | Status | Flags |
---|---|---|---|---|---|---|
r-devel-linux-x86_64-debian-clang | 1.0 | 9.07 | 125.87 | 134.94 | OK | |
r-devel-linux-x86_64-debian-gcc | 1.0 | 5.32 | 93.85 | 99.17 | OK | |
r-devel-linux-x86_64-fedora-clang | 1.0 | 169.40 | OK | |||
r-devel-linux-x86_64-fedora-gcc | 1.0 | 169.10 | OK | |||
r-devel-windows-x86_64 | 1.0 | 24.00 | 161.00 | 185.00 | OK | |
r-patched-linux-x86_64 | 1.0 | 6.94 | 119.61 | 126.55 | OK | |
r-release-linux-x86_64 | 1.0 | 8.39 | 122.68 | 131.07 | OK | |
r-release-macos-arm64 | 1.0 | 56.00 | NOTE | |||
r-release-macos-x86_64 | 1.0 | 81.00 | OK | |||
r-release-windows-x86_64 | 1.0 | 54.00 | 136.00 | 190.00 | OK | |
r-oldrel-macos-arm64 | 1.0 | 64.00 | NOTE | |||
r-oldrel-macos-x86_64 | 1.0 | 120.00 | OK | |||
r-oldrel-windows-ix86+x86_64 | 1.0 | 17.00 | 160.00 | 177.00 | OK |
Version: 1.0
Check: package dependencies
Result: NOTE
Package suggested but not available for checking: ‘BiocParallel’
Flavors: r-release-macos-arm64, r-oldrel-macos-arm64