Last updated on 2022-08-15 08:50:10 CEST.
Flavor | Version | Tinstall | Tcheck | Ttotal | Status | Flags |
---|---|---|---|---|---|---|
r-devel-linux-x86_64-debian-clang | 1.0 | 1.96 | 31.45 | 33.41 | NOTE | |
r-devel-linux-x86_64-debian-gcc | 1.0 | 1.83 | 24.16 | 25.99 | NOTE | |
r-devel-linux-x86_64-fedora-clang | 1.0 | 51.93 | NOTE | |||
r-devel-linux-x86_64-fedora-gcc | 1.0 | 49.90 | NOTE | |||
r-devel-windows-x86_64 | 1.0 | 10.00 | 57.00 | 67.00 | NOTE | |
r-patched-linux-x86_64 | 1.0 | 2.38 | 30.55 | 32.93 | NOTE | |
r-release-linux-x86_64 | 1.0 | 1.62 | 30.31 | 31.93 | NOTE | |
r-release-macos-arm64 | 1.0 | 20.00 | NOTE | |||
r-release-macos-x86_64 | 1.0 | 26.00 | NOTE | |||
r-release-windows-x86_64 | 1.0 | 11.00 | 58.00 | 69.00 | NOTE | |
r-oldrel-macos-arm64 | 1.0 | 24.00 | NOTE | |||
r-oldrel-macos-x86_64 | 1.0 | 32.00 | NOTE | |||
r-oldrel-windows-ix86+x86_64 | 1.0 | 7.00 | 55.00 | 62.00 | NOTE |
Version: 1.0
Check: LazyData
Result: NOTE
'LazyData' is specified without a 'data' directory
Flavors: r-devel-linux-x86_64-debian-clang, r-devel-linux-x86_64-debian-gcc, r-devel-linux-x86_64-fedora-clang, r-devel-linux-x86_64-fedora-gcc, r-devel-windows-x86_64, r-patched-linux-x86_64, r-release-linux-x86_64, r-release-macos-arm64, r-release-macos-x86_64, r-release-windows-x86_64, r-oldrel-macos-arm64, r-oldrel-macos-x86_64, r-oldrel-windows-ix86+x86_64
Version: 1.0
Check: dependencies in R code
Result: NOTE
Namespace in Imports field not imported from: ‘survival’
All declared Imports should be used.
Flavors: r-devel-linux-x86_64-fedora-clang, r-devel-linux-x86_64-fedora-gcc, r-release-macos-arm64, r-release-macos-x86_64, r-oldrel-macos-arm64, r-oldrel-macos-x86_64