Last updated on 2022-08-15 08:50:10 CEST.
Flavor | Version | Tinstall | Tcheck | Ttotal | Status | Flags |
---|---|---|---|---|---|---|
r-devel-linux-x86_64-debian-clang | 0.0.1 | 6.58 | 71.46 | 78.04 | NOTE | |
r-devel-linux-x86_64-debian-gcc | 0.0.1 | 5.26 | 52.87 | 58.13 | NOTE | |
r-devel-linux-x86_64-fedora-clang | 0.0.1 | 103.47 | NOTE | |||
r-devel-linux-x86_64-fedora-gcc | 0.0.1 | 107.45 | NOTE | |||
r-devel-windows-x86_64 | 0.0.1 | 29.00 | 95.00 | 124.00 | OK | |
r-patched-linux-x86_64 | 0.0.1 | 6.20 | 65.22 | 71.42 | OK | |
r-release-linux-x86_64 | 0.0.1 | 6.02 | 65.78 | 71.80 | OK | |
r-release-macos-arm64 | 0.0.1 | 29.00 | OK | |||
r-release-macos-x86_64 | 0.0.1 | 55.00 | OK | |||
r-release-windows-x86_64 | 0.0.1 | 32.00 | 102.00 | 134.00 | OK | |
r-oldrel-macos-arm64 | 0.0.1 | 35.00 | OK | |||
r-oldrel-macos-x86_64 | 0.0.1 | 54.00 | OK | |||
r-oldrel-windows-ix86+x86_64 | 0.0.1 | 30.00 | 90.00 | 120.00 | OK |
Version: 0.0.1
Check: HTML version of manual
Result: NOTE
Found the following math rendering problems:
modelSim.Rd:103-105: Undefined control sequence: \label inriskAFT}
...
Flavors: r-devel-linux-x86_64-debian-clang, r-devel-linux-x86_64-debian-gcc, r-devel-linux-x86_64-fedora-clang, r-devel-linux-x86_64-fedora-gcc