Last updated on 2022-08-15 08:50:10 CEST.
Flavor | Version | Tinstall | Tcheck | Ttotal | Status | Flags |
---|---|---|---|---|---|---|
r-devel-linux-x86_64-debian-clang | 1.0.0 | 3.13 | 35.32 | 38.45 | NOTE | |
r-devel-linux-x86_64-debian-gcc | 1.0.0 | 2.83 | 26.92 | 29.75 | NOTE | |
r-devel-linux-x86_64-fedora-clang | 1.0.0 | 58.00 | NOTE | |||
r-devel-linux-x86_64-fedora-gcc | 1.0.0 | 56.16 | NOTE | |||
r-devel-windows-x86_64 | 1.0.0 | 35.00 | 61.00 | 96.00 | NOTE | |
r-patched-linux-x86_64 | 1.0.0 | 3.48 | 33.94 | 37.42 | OK | |
r-release-linux-x86_64 | 1.0.0 | 2.45 | 33.90 | 36.35 | OK | |
r-release-macos-arm64 | 1.0.0 | 19.00 | OK | |||
r-release-macos-x86_64 | 1.0.0 | 26.00 | OK | |||
r-release-windows-x86_64 | 1.0.0 | 29.00 | 63.00 | 92.00 | OK | |
r-oldrel-macos-arm64 | 1.0.0 | 23.00 | OK | |||
r-oldrel-macos-x86_64 | 1.0.0 | 37.00 | OK | |||
r-oldrel-windows-ix86+x86_64 | 1.0.0 | 7.00 | 53.00 | 60.00 | OK |
Version: 1.0.0
Check: package subdirectories
Result: NOTE
Problems with news in 'NEWS.md':
No news entries found.
Flavors: r-devel-linux-x86_64-debian-clang, r-devel-linux-x86_64-debian-gcc, r-devel-linux-x86_64-fedora-clang, r-devel-linux-x86_64-fedora-gcc, r-devel-windows-x86_64