Last updated on 2022-08-15 08:50:10 CEST.
Flavor | Version | Tinstall | Tcheck | Ttotal | Status | Flags |
---|---|---|---|---|---|---|
r-devel-linux-x86_64-debian-clang | 0.0.1 | 36.75 | 154.98 | 191.73 | ERROR | |
r-devel-linux-x86_64-debian-gcc | 0.0.1 | 30.04 | 110.99 | 141.03 | ERROR | |
r-devel-linux-x86_64-fedora-clang | 0.0.1 | 238.27 | ERROR | |||
r-devel-linux-x86_64-fedora-gcc | 0.0.1 | 253.75 | ERROR | |||
r-devel-windows-x86_64 | 0.0.1 | 75.00 | 185.00 | 260.00 | ERROR | |
r-patched-linux-x86_64 | 0.0.1 | 31.31 | 137.63 | 168.94 | OK | |
r-release-linux-x86_64 | 0.0.1 | 29.88 | 139.17 | 169.05 | OK | |
r-release-macos-arm64 | 0.0.1 | 57.00 | OK | |||
r-release-macos-x86_64 | 0.0.1 | 99.00 | OK | |||
r-release-windows-x86_64 | 0.0.1 | 77.00 | 180.00 | 257.00 | OK | |
r-oldrel-macos-arm64 | 0.0.1 | 65.00 | OK | |||
r-oldrel-macos-x86_64 | 0.0.1 | 127.00 | OK | |||
r-oldrel-windows-ix86+x86_64 | 0.0.1 | 87.00 | 297.00 | 384.00 | OK |
Version: 0.0.1
Check: PDF version of manual
Result: WARN
LaTeX errors when creating PDF version.
This typically indicates Rd problems.
LaTeX errors found:
! LaTeX Error: There's no line here to end.
See the LaTeX manual or LaTeX Companion for explanation.
Type H <return> for immediate help.
...
Flavors: r-devel-linux-x86_64-debian-clang, r-devel-linux-x86_64-debian-gcc, r-devel-linux-x86_64-fedora-clang, r-devel-linux-x86_64-fedora-gcc, r-devel-windows-x86_64
Version: 0.0.1
Check: PDF version of manual without index
Result: ERROR
Flavors: r-devel-linux-x86_64-debian-clang, r-devel-linux-x86_64-debian-gcc, r-devel-linux-x86_64-fedora-clang, r-devel-linux-x86_64-fedora-gcc, r-devel-windows-x86_64
Version: 0.0.1
Check: for non-standard things in the check directory
Result: NOTE
Found the following files/directories:
'surveybootstrap-manual.tex'
Flavors: r-devel-linux-x86_64-debian-clang, r-devel-linux-x86_64-debian-gcc, r-devel-linux-x86_64-fedora-clang, r-devel-linux-x86_64-fedora-gcc
Version: 0.0.1
Check: compiled code
Result: NOTE
File ‘surveybootstrap/libs/surveybootstrap.so’:
Found no calls to: ‘R_registerRoutines’, ‘R_useDynamicSymbols’
It is good practice to register native routines and to disable symbol
search.
See ‘Writing portable packages’ in the ‘Writing R Extensions’ manual.
Flavors: r-devel-linux-x86_64-fedora-clang, r-devel-linux-x86_64-fedora-gcc