Last updated on 2022-08-15 08:50:10 CEST.
Flavor | Version | Tinstall | Tcheck | Ttotal | Status | Flags |
---|---|---|---|---|---|---|
r-devel-linux-x86_64-debian-clang | 0.4.9 | 17.52 | 250.15 | 267.67 | OK | |
r-devel-linux-x86_64-debian-gcc | 0.4.9 | 14.36 | 174.90 | 189.26 | OK | |
r-devel-linux-x86_64-fedora-clang | 0.4.9 | 312.98 | NOTE | |||
r-devel-linux-x86_64-fedora-gcc | 0.4.9 | 319.46 | OK | |||
r-devel-windows-x86_64 | 0.4.9 | 75.00 | 284.00 | 359.00 | NOTE | |
r-patched-linux-x86_64 | 0.4.9 | 22.18 | 225.91 | 248.09 | OK | |
r-release-linux-x86_64 | 0.4.9 | 17.49 | 222.16 | 239.65 | OK | |
r-release-macos-arm64 | 0.4.9 | 87.00 | NOTE | |||
r-release-macos-x86_64 | 0.4.9 | 158.00 | NOTE | |||
r-release-windows-x86_64 | 0.4.9 | 55.00 | 285.00 | 340.00 | NOTE | |
r-oldrel-macos-arm64 | 0.4.9 | 146.00 | NOTE | |||
r-oldrel-macos-x86_64 | 0.4.9 | 160.00 | NOTE | |||
r-oldrel-windows-ix86+x86_64 | 0.4.9 | 36.00 | 281.00 | 317.00 | NOTE |
Version: 0.4.9
Check: installed package size
Result: NOTE
installed size is 6.0Mb
sub-directories of 1Mb or more:
doc 5.6Mb
Flavors: r-devel-linux-x86_64-fedora-clang, r-devel-windows-x86_64, r-release-macos-arm64, r-release-macos-x86_64, r-release-windows-x86_64, r-oldrel-macos-arm64, r-oldrel-macos-x86_64, r-oldrel-windows-ix86+x86_64