Last updated on 2022-08-15 08:50:10 CEST.
Flavor | Version | Tinstall | Tcheck | Ttotal | Status | Flags |
---|---|---|---|---|---|---|
r-devel-linux-x86_64-debian-clang | 3.0.0 | 10.22 | 84.23 | 94.45 | NOTE | |
r-devel-linux-x86_64-debian-gcc | 3.0.0 | 5.83 | 64.97 | 70.80 | NOTE | |
r-devel-linux-x86_64-fedora-clang | 3.0.0 | 126.91 | NOTE | |||
r-devel-linux-x86_64-fedora-gcc | 3.0.0 | 120.44 | NOTE | |||
r-devel-windows-x86_64 | 3.0.0 | 25.00 | 114.00 | 139.00 | NOTE | |
r-patched-linux-x86_64 | 3.0.0 | 10.92 | 79.14 | 90.06 | NOTE | |
r-release-linux-x86_64 | 3.0.0 | 8.27 | 81.77 | 90.04 | NOTE | |
r-release-macos-arm64 | 3.0.0 | 35.00 | NOTE | |||
r-release-macos-x86_64 | 3.0.0 | 49.00 | NOTE | |||
r-release-windows-x86_64 | 3.0.0 | 24.00 | 119.00 | 143.00 | NOTE | |
r-oldrel-macos-arm64 | 3.0.0 | 41.00 | NOTE | |||
r-oldrel-macos-x86_64 | 3.0.0 | 67.00 | NOTE | |||
r-oldrel-windows-ix86+x86_64 | 3.0.0 | 19.00 | 106.00 | 125.00 | NOTE |
Version: 3.0.0
Check: LazyData
Result: NOTE
'LazyData' is specified without a 'data' directory
Flavors: r-devel-linux-x86_64-debian-clang, r-devel-linux-x86_64-debian-gcc, r-devel-linux-x86_64-fedora-clang, r-devel-linux-x86_64-fedora-gcc, r-devel-windows-x86_64, r-patched-linux-x86_64, r-release-linux-x86_64, r-release-macos-arm64, r-release-macos-x86_64, r-release-windows-x86_64, r-oldrel-macos-arm64, r-oldrel-macos-x86_64, r-oldrel-windows-ix86+x86_64