Last updated on 2022-08-15 08:50:10 CEST.
Flavor | Version | Tinstall | Tcheck | Ttotal | Status | Flags |
---|---|---|---|---|---|---|
r-devel-linux-x86_64-debian-clang | 0.8.1 | 5.52 | 63.09 | 68.61 | NOTE | |
r-devel-linux-x86_64-debian-gcc | 0.8.1 | 4.70 | 46.54 | 51.24 | NOTE | |
r-devel-linux-x86_64-fedora-clang | 0.8.1 | 93.44 | NOTE | |||
r-devel-linux-x86_64-fedora-gcc | 0.8.1 | 89.41 | NOTE | |||
r-devel-windows-x86_64 | 0.8.1 | 9.00 | 90.00 | 99.00 | NOTE | |
r-patched-linux-x86_64 | 0.8.1 | 5.92 | 60.18 | 66.10 | NOTE | |
r-release-linux-x86_64 | 0.8.1 | 5.14 | 59.55 | 64.69 | NOTE | |
r-release-macos-arm64 | 0.8.1 | 28.00 | NOTE | |||
r-release-macos-x86_64 | 0.8.1 | 51.00 | NOTE | |||
r-release-windows-x86_64 | 0.8.1 | 9.00 | 87.00 | 96.00 | NOTE | |
r-oldrel-macos-arm64 | 0.8.1 | 34.00 | NOTE | |||
r-oldrel-macos-x86_64 | 0.8.1 | 48.00 | NOTE | |||
r-oldrel-windows-ix86+x86_64 | 0.8.1 | 16.00 | 81.00 | 97.00 | NOTE |
Version: 0.8.1
Check: LazyData
Result: NOTE
'LazyData' is specified without a 'data' directory
Flavors: r-devel-linux-x86_64-debian-clang, r-devel-linux-x86_64-debian-gcc, r-devel-linux-x86_64-fedora-clang, r-devel-linux-x86_64-fedora-gcc, r-devel-windows-x86_64, r-patched-linux-x86_64, r-release-linux-x86_64, r-release-macos-arm64, r-release-macos-x86_64, r-release-windows-x86_64, r-oldrel-macos-arm64, r-oldrel-macos-x86_64, r-oldrel-windows-ix86+x86_64