Last updated on 2022-08-15 08:50:10 CEST.
Flavor | Version | Tinstall | Tcheck | Ttotal | Status | Flags |
---|---|---|---|---|---|---|
r-devel-linux-x86_64-debian-clang | 0.1 | 6.26 | 45.77 | 52.03 | NOTE | |
r-devel-linux-x86_64-debian-gcc | 0.1 | 4.15 | 34.92 | 39.07 | NOTE | |
r-devel-linux-x86_64-fedora-clang | 0.1 | 74.93 | NOTE | |||
r-devel-linux-x86_64-fedora-gcc | 0.1 | 69.29 | NOTE | |||
r-devel-windows-x86_64 | 0.1 | 150.00 | 72.00 | 222.00 | NOTE | |
r-patched-linux-x86_64 | 0.1 | 7.52 | 43.75 | 51.27 | OK | |
r-release-linux-x86_64 | 0.1 | 6.48 | 43.64 | 50.12 | OK | |
r-release-macos-arm64 | 0.1 | 32.00 | OK | |||
r-release-macos-x86_64 | 0.1 | 41.00 | OK | |||
r-release-windows-x86_64 | 0.1 | 189.00 | 69.00 | 258.00 | OK | |
r-oldrel-macos-arm64 | 0.1 | 35.00 | OK | |||
r-oldrel-macos-x86_64 | 0.1 | 41.00 | OK | |||
r-oldrel-windows-ix86+x86_64 | 0.1 | 11.00 | 65.00 | 76.00 | OK |
Version: 0.1
Check: package subdirectories
Result: NOTE
Problems with news in 'NEWS.md':
Cannot extract version info from the following section titles:
pre-release switchboard (2020 - 2021)
Flavors: r-devel-linux-x86_64-debian-clang, r-devel-linux-x86_64-debian-gcc, r-devel-linux-x86_64-fedora-clang, r-devel-linux-x86_64-fedora-gcc, r-devel-windows-x86_64