Last updated on 2022-08-15 08:50:10 CEST.
Flavor | Version | Tinstall | Tcheck | Ttotal | Status | Flags |
---|---|---|---|---|---|---|
r-devel-linux-x86_64-debian-clang | 3.0.1 | 17.36 | 106.75 | 124.11 | NOTE | |
r-devel-linux-x86_64-debian-gcc | 3.0.1 | 15.90 | 78.90 | 94.80 | NOTE | |
r-devel-linux-x86_64-fedora-clang | 3.0.1 | 158.78 | NOTE | |||
r-devel-linux-x86_64-fedora-gcc | 3.0.1 | 167.50 | NOTE | |||
r-devel-windows-x86_64 | 3.0.1 | 37.00 | 118.00 | 155.00 | NOTE | |
r-patched-linux-x86_64 | 3.0.1 | 19.42 | 98.04 | 117.46 | NOTE | |
r-release-linux-x86_64 | 3.0.1 | 16.62 | 101.33 | 117.95 | NOTE | |
r-release-macos-arm64 | 3.0.1 | 46.00 | NOTE | |||
r-release-macos-x86_64 | 3.0.1 | 65.00 | NOTE | |||
r-release-windows-x86_64 | 3.0.1 | 51.00 | 129.00 | 180.00 | NOTE | |
r-oldrel-macos-arm64 | 3.0.1 | 52.00 | NOTE | |||
r-oldrel-macos-x86_64 | 3.0.1 | 86.00 | NOTE | |||
r-oldrel-windows-ix86+x86_64 | 3.0.1 | 32.00 | 121.00 | 153.00 | NOTE |
Version: 3.0.1
Check: package dependencies
Result: NOTE
Package suggested but not available for checking: 'cplexAPI'
Flavors: r-devel-linux-x86_64-debian-clang, r-devel-linux-x86_64-debian-gcc, r-devel-linux-x86_64-fedora-clang, r-devel-linux-x86_64-fedora-gcc, r-devel-windows-x86_64, r-patched-linux-x86_64, r-release-linux-x86_64, r-release-macos-arm64, r-release-macos-x86_64, r-release-windows-x86_64, r-oldrel-macos-arm64, r-oldrel-macos-x86_64, r-oldrel-windows-ix86+x86_64
Version: 3.0.1
Check: HTML version of manual
Result: NOTE
Found the following math rendering problems:
sysBiolAlg_ccFBA-class.Rd:114-126: Undefined control sequence: \boldmath in ... & \mbox{\boldmath$c$\unboldmath}...
sysBiolAlg_ccFBA-class.Rd:132-135: Undefined control sequence: \boldmath in
\mbox{\boldmath$c$\unboldmath}...
Flavors: r-devel-linux-x86_64-debian-clang, r-devel-linux-x86_64-debian-gcc, r-devel-linux-x86_64-fedora-clang, r-devel-linux-x86_64-fedora-gcc
Version: 3.0.1
Check: installed package size
Result: NOTE
installed size is 5.2Mb
sub-directories of 1Mb or more:
extdata 4.2Mb
Flavors: r-devel-linux-x86_64-fedora-clang, r-devel-windows-x86_64, r-release-macos-arm64, r-release-macos-x86_64, r-release-windows-x86_64, r-oldrel-macos-arm64, r-oldrel-macos-x86_64, r-oldrel-windows-ix86+x86_64
Version: 3.0.1
Check: data for non-ASCII characters
Result: NOTE
Note: found 1 marked UTF-8 string
Flavors: r-devel-linux-x86_64-fedora-clang, r-devel-linux-x86_64-fedora-gcc, r-release-macos-arm64, r-release-macos-x86_64, r-oldrel-macos-arm64, r-oldrel-macos-x86_64