Last updated on 2022-08-15 08:50:10 CEST.
Flavor | Version | Tinstall | Tcheck | Ttotal | Status | Flags |
---|---|---|---|---|---|---|
r-devel-linux-x86_64-debian-clang | 2.0.2 | 10.91 | 96.53 | 107.44 | NOTE | |
r-devel-linux-x86_64-debian-gcc | 2.0.2 | 8.52 | 72.07 | 80.59 | NOTE | |
r-devel-linux-x86_64-fedora-clang | 2.0.2 | 138.22 | NOTE | |||
r-devel-linux-x86_64-fedora-gcc | 2.0.2 | 137.88 | NOTE | |||
r-devel-windows-x86_64 | 2.0.2 | 34.00 | 110.00 | 144.00 | NOTE | |
r-patched-linux-x86_64 | 2.0.2 | 13.13 | 91.38 | 104.51 | NOTE | |
r-release-linux-x86_64 | 2.0.2 | 10.94 | 91.80 | 102.74 | NOTE | |
r-release-macos-arm64 | 2.0.2 | 41.00 | NOTE | |||
r-release-macos-x86_64 | 2.0.2 | 55.00 | NOTE | |||
r-release-windows-x86_64 | 2.0.2 | 42.00 | 114.00 | 156.00 | NOTE | |
r-oldrel-macos-arm64 | 2.0.2 | 43.00 | NOTE | |||
r-oldrel-macos-x86_64 | 2.0.2 | 76.00 | NOTE | |||
r-oldrel-windows-ix86+x86_64 | 2.0.2 | 22.00 | 112.00 | 134.00 | NOTE |
Version: 2.0.2
Check: package dependencies
Result: NOTE
Package suggested but not available for checking: 'cplexAPI'
Flavors: r-devel-linux-x86_64-debian-clang, r-devel-linux-x86_64-debian-gcc, r-devel-linux-x86_64-fedora-clang, r-devel-linux-x86_64-fedora-gcc, r-devel-windows-x86_64, r-patched-linux-x86_64, r-release-linux-x86_64, r-release-macos-arm64, r-release-macos-x86_64, r-release-windows-x86_64, r-oldrel-macos-arm64, r-oldrel-macos-x86_64, r-oldrel-windows-ix86+x86_64