Last updated on 2022-08-15 08:50:10 CEST.
Flavor | Version | Tinstall | Tcheck | Ttotal | Status | Flags |
---|---|---|---|---|---|---|
r-devel-linux-x86_64-debian-clang | 0.2-4 | 8.74 | 24.54 | 33.28 | OK | |
r-devel-linux-x86_64-debian-gcc | 0.2-4 | 6.05 | 18.82 | 24.87 | OK | |
r-devel-linux-x86_64-fedora-clang | 0.2-4 | 51.84 | NOTE | |||
r-devel-linux-x86_64-fedora-gcc | 0.2-4 | 49.64 | OK | |||
r-devel-windows-x86_64 | 0.2-4 | 19.00 | 133.00 | 152.00 | OK | |
r-patched-linux-x86_64 | 0.2-4 | 6.56 | 23.75 | 30.31 | OK | |
r-release-linux-x86_64 | 0.2-4 | 6.05 | 23.72 | 29.77 | OK | |
r-release-macos-arm64 | 0.2-4 | 19.00 | OK | |||
r-release-macos-x86_64 | 0.2-4 | 27.00 | OK | |||
r-release-windows-x86_64 | 0.2-4 | 14.00 | 140.00 | 154.00 | OK | |
r-oldrel-macos-arm64 | 0.2-4 | 17.00 | OK | |||
r-oldrel-macos-x86_64 | 0.2-4 | 28.00 | OK | |||
r-oldrel-windows-ix86+x86_64 | 0.2-4 | 16.00 | 119.00 | 135.00 | NOTE |
Version: 0.2-4
Check: installed package size
Result: NOTE
installed size is 6.8Mb
sub-directories of 1Mb or more:
libs 6.7Mb
Flavors: r-devel-linux-x86_64-fedora-clang, r-oldrel-windows-ix86+x86_64