Last updated on 2022-08-15 08:50:10 CEST.
Flavor | Version | Tinstall | Tcheck | Ttotal | Status | Flags |
---|---|---|---|---|---|---|
r-devel-linux-x86_64-debian-clang | 0.1-6 | 4.09 | 39.23 | 43.32 | NOTE | |
r-devel-linux-x86_64-debian-gcc | 0.1-6 | 3.80 | 30.61 | 34.41 | NOTE | |
r-devel-linux-x86_64-fedora-clang | 0.1-6 | 66.06 | NOTE | |||
r-devel-linux-x86_64-fedora-gcc | 0.1-6 | 64.47 | NOTE | |||
r-devel-windows-x86_64 | 0.1-6 | 29.00 | 67.00 | 96.00 | NOTE | |
r-patched-linux-x86_64 | 0.1-6 | 4.74 | 37.50 | 42.24 | NOTE | |
r-release-linux-x86_64 | 0.1-6 | 4.25 | 38.26 | 42.51 | NOTE | |
r-release-macos-arm64 | 0.1-6 | 20.00 | NOTE | |||
r-release-macos-x86_64 | 0.1-6 | 31.00 | NOTE | |||
r-release-windows-x86_64 | 0.1-6 | 32.00 | 67.00 | 99.00 | NOTE | |
r-oldrel-macos-arm64 | 0.1-6 | 29.00 | NOTE | |||
r-oldrel-macos-x86_64 | 0.1-6 | 40.00 | NOTE | |||
r-oldrel-windows-ix86+x86_64 | 0.1-6 | 12.00 | 59.00 | 71.00 | NOTE |
Version: 0.1-6
Check: package dependencies
Result: NOTE
Packages suggested but not available for checking: 'sylly.de', 'sylly.es'
Flavors: r-devel-linux-x86_64-debian-clang, r-devel-linux-x86_64-debian-gcc, r-devel-linux-x86_64-fedora-clang, r-devel-linux-x86_64-fedora-gcc, r-devel-windows-x86_64, r-patched-linux-x86_64, r-release-linux-x86_64, r-release-macos-arm64, r-release-macos-x86_64, r-release-windows-x86_64, r-oldrel-macos-arm64, r-oldrel-macos-x86_64, r-oldrel-windows-ix86+x86_64