Last updated on 2022-08-15 08:50:10 CEST.
Flavor | Version | Tinstall | Tcheck | Ttotal | Status | Flags |
---|---|---|---|---|---|---|
r-devel-linux-x86_64-debian-clang | 0.5.1 | 7.75 | 183.99 | 191.74 | ERROR | |
r-devel-linux-x86_64-debian-gcc | 0.5.1 | 5.98 | 132.88 | 138.86 | ERROR | |
r-devel-linux-x86_64-fedora-clang | 0.5.1 | 231.82 | ERROR | |||
r-devel-linux-x86_64-fedora-gcc | 0.5.1 | 236.95 | ERROR | |||
r-devel-windows-x86_64 | 0.5.1 | 28.00 | 199.00 | 227.00 | ERROR | |
r-patched-linux-x86_64 | 0.5.1 | 6.59 | 165.63 | 172.22 | OK | |
r-release-linux-x86_64 | 0.5.1 | 6.18 | 165.76 | 171.94 | OK | |
r-release-macos-arm64 | 0.5.1 | 67.00 | OK | |||
r-release-macos-x86_64 | 0.5.1 | 124.00 | OK | |||
r-release-windows-x86_64 | 0.5.1 | 41.00 | 208.00 | 249.00 | OK | |
r-oldrel-macos-arm64 | 0.5.1 | 78.00 | OK | |||
r-oldrel-macos-x86_64 | 0.5.1 | 93.00 | OK | |||
r-oldrel-windows-ix86+x86_64 | 0.5.1 | 21.00 | 212.00 | 233.00 | OK |
Version: 0.5.1
Check: PDF version of manual
Result: WARN
LaTeX errors when creating PDF version.
This typically indicates Rd problems.
LaTeX errors found:
! LaTeX Error: Bad math environment delimiter.
See the LaTeX manual or LaTeX Companion for explanation.
Type H <return> for immediate help.
...
! Display math should end with $$.
<to be read again>
X
l.79 Where \eqn{X/Y/Z}{}
represent one axis each, \eqn{a_m}{} represents the...
! Missing $ inserted.
<inserted text>
$
l.79 .../Z}{} represent one axis each, \eqn{a_m}{}
represents the mean
Flavors: r-devel-linux-x86_64-debian-clang, r-devel-linux-x86_64-debian-gcc, r-devel-linux-x86_64-fedora-clang, r-devel-linux-x86_64-fedora-gcc, r-devel-windows-x86_64
Version: 0.5.1
Check: PDF version of manual without index
Result: ERROR
Flavors: r-devel-linux-x86_64-debian-clang, r-devel-linux-x86_64-debian-gcc, r-devel-linux-x86_64-fedora-clang, r-devel-linux-x86_64-fedora-gcc, r-devel-windows-x86_64
Version: 0.5.1
Check: HTML version of manual
Result: NOTE
Found the following math rendering problems:
centroid_3d_sq_dist.Rd:16-20: Unexpected end of input in a macro argument, expected '}' at end of input: ...2 + (z-z_m)^2}
Flavors: r-devel-linux-x86_64-debian-clang, r-devel-linux-x86_64-debian-gcc, r-devel-linux-x86_64-fedora-clang, r-devel-linux-x86_64-fedora-gcc
Version: 0.5.1
Check: for non-standard things in the check directory
Result: NOTE
Found the following files/directories:
'synr-manual.tex'
Flavors: r-devel-linux-x86_64-debian-clang, r-devel-linux-x86_64-debian-gcc, r-devel-linux-x86_64-fedora-clang, r-devel-linux-x86_64-fedora-gcc