Last updated on 2022-08-15 08:50:10 CEST.
Flavor | Version | Tinstall | Tcheck | Ttotal | Status | Flags |
---|---|---|---|---|---|---|
r-devel-linux-x86_64-debian-clang | 0.8.8 | 5.18 | 24.98 | 30.16 | OK | |
r-devel-linux-x86_64-debian-gcc | 0.8.8 | 3.33 | 19.20 | 22.53 | OK | |
r-devel-linux-x86_64-fedora-clang | 0.8.8 | 48.08 | OK | |||
r-devel-linux-x86_64-fedora-gcc | 0.8.8 | 46.85 | OK | |||
r-devel-windows-x86_64 | 0.8.8 | 29.00 | 58.00 | 87.00 | OK | |
r-patched-linux-x86_64 | 0.8.8 | 4.25 | 24.54 | 28.79 | OK | |
r-release-linux-x86_64 | 0.8.8 | 3.99 | 24.44 | 28.43 | OK | |
r-release-macos-arm64 | 0.8.8 | 20.00 | NOTE | |||
r-release-macos-x86_64 | 0.8.8 | 32.00 | NOTE | |||
r-release-windows-x86_64 | 0.8.8 | 33.00 | 57.00 | 90.00 | OK | |
r-oldrel-macos-arm64 | 0.8.8 | 41.00 | NOTE | |||
r-oldrel-macos-x86_64 | 0.8.8 | 44.00 | NOTE | |||
r-oldrel-windows-ix86+x86_64 | 0.8.8 | 12.00 | 56.00 | 68.00 | OK |
Version: 0.8.8
Check: installed package size
Result: NOTE
installed size is 17.4Mb
sub-directories of 1Mb or more:
fonts 1.7Mb
libs 15.5Mb
Flavors: r-release-macos-arm64, r-release-macos-x86_64, r-oldrel-macos-arm64, r-oldrel-macos-x86_64