Last updated on 2022-08-15 08:50:10 CEST.
Flavor | Version | Tinstall | Tcheck | Ttotal | Status | Flags |
---|---|---|---|---|---|---|
r-devel-linux-x86_64-debian-clang | 1.0.4 | 43.84 | 31.38 | 75.22 | OK | |
r-devel-linux-x86_64-debian-gcc | 1.0.4 | 34.55 | 23.99 | 58.54 | OK | |
r-devel-linux-x86_64-fedora-clang | 1.0.4 | 120.03 | OK | |||
r-devel-linux-x86_64-fedora-gcc | 1.0.4 | 115.17 | OK | |||
r-devel-windows-x86_64 | 1.0.4 | 268.00 | 107.00 | 375.00 | OK | |
r-patched-linux-x86_64 | 1.0.4 | 41.75 | 30.24 | 71.99 | OK | |
r-release-linux-x86_64 | 1.0.4 | 40.67 | 29.70 | 70.37 | OK | |
r-release-macos-arm64 | 1.0.4 | 36.00 | NOTE | |||
r-release-macos-x86_64 | 1.0.4 | 50.00 | NOTE | |||
r-release-windows-x86_64 | 1.0.4 | 281.00 | 87.00 | 368.00 | OK | |
r-oldrel-macos-arm64 | 1.0.4 | 48.00 | NOTE | |||
r-oldrel-macos-x86_64 | 1.0.4 | 93.00 | NOTE | |||
r-oldrel-windows-ix86+x86_64 | 1.0.4 | 138.00 | 80.00 | 218.00 | OK |
Version: 1.0.4
Check: installed package size
Result: NOTE
installed size is 19.2Mb
sub-directories of 1Mb or more:
libs 19.0Mb
Flavors: r-release-macos-arm64, r-release-macos-x86_64, r-oldrel-macos-arm64, r-oldrel-macos-x86_64