Last updated on 2022-08-15 08:50:10 CEST.
Flavor | Version | Tinstall | Tcheck | Ttotal | Status | Flags |
---|---|---|---|---|---|---|
r-devel-linux-x86_64-debian-clang | 0.2.0 | 6.85 | 71.51 | 78.36 | NOTE | |
r-devel-linux-x86_64-debian-gcc | 0.2.0 | 6.89 | 55.06 | 61.95 | NOTE | |
r-devel-linux-x86_64-fedora-clang | 0.2.0 | 106.71 | NOTE | |||
r-devel-linux-x86_64-fedora-gcc | 0.2.0 | 105.88 | NOTE | |||
r-devel-windows-x86_64 | 0.2.0 | 15.00 | 119.00 | 134.00 | NOTE | |
r-patched-linux-x86_64 | 0.2.0 | 8.95 | 67.62 | 76.57 | NOTE | |
r-release-linux-x86_64 | 0.2.0 | 8.21 | 69.28 | 77.49 | NOTE | |
r-release-macos-arm64 | 0.2.0 | 32.00 | NOTE | |||
r-release-macos-x86_64 | 0.2.0 | 44.00 | NOTE | |||
r-release-windows-x86_64 | 0.2.0 | 18.00 | 100.00 | 118.00 | NOTE | |
r-oldrel-macos-arm64 | 0.2.0 | 37.00 | NOTE | |||
r-oldrel-macos-x86_64 | 0.2.0 | 58.00 | NOTE | |||
r-oldrel-windows-ix86+x86_64 | 0.2.0 | 19.00 | 93.00 | 112.00 | NOTE |
Version: 0.2.0
Check: LazyData
Result: NOTE
'LazyData' is specified without a 'data' directory
Flavors: r-devel-linux-x86_64-debian-clang, r-devel-linux-x86_64-debian-gcc, r-devel-linux-x86_64-fedora-clang, r-devel-linux-x86_64-fedora-gcc, r-devel-windows-x86_64, r-patched-linux-x86_64, r-release-linux-x86_64, r-release-macos-arm64, r-release-macos-x86_64, r-release-windows-x86_64, r-oldrel-macos-arm64, r-oldrel-macos-x86_64, r-oldrel-windows-ix86+x86_64