Last updated on 2022-08-15 08:50:11 CEST.
Flavor | Version | Tinstall | Tcheck | Ttotal | Status | Flags |
---|---|---|---|---|---|---|
r-devel-linux-x86_64-debian-clang | 0.7.7 | 7.73 | 91.20 | 98.93 | OK | |
r-devel-linux-x86_64-debian-gcc | 0.7.7 | 5.23 | 68.12 | 73.35 | OK | |
r-devel-linux-x86_64-fedora-clang | 0.7.7 | 126.14 | NOTE | |||
r-devel-linux-x86_64-fedora-gcc | 0.7.7 | 123.40 | OK | |||
r-devel-windows-x86_64 | 0.7.7 | 195.00 | 135.00 | 330.00 | OK | |
r-patched-linux-x86_64 | 0.7.7 | 6.91 | 86.43 | 93.34 | OK | |
r-release-linux-x86_64 | 0.7.7 | 6.92 | 85.98 | 92.90 | OK | |
r-release-macos-arm64 | 0.7.7 | 54.00 | OK | |||
r-release-macos-x86_64 | 0.7.7 | 72.00 | OK | |||
r-release-windows-x86_64 | 0.7.7 | 117.00 | 132.00 | 249.00 | OK | |
r-oldrel-macos-arm64 | 0.7.7 | 46.00 | NOTE | |||
r-oldrel-macos-x86_64 | 0.7.7 | 69.00 | OK | |||
r-oldrel-windows-ix86+x86_64 | 0.7.7 | 14.00 | 123.00 | 137.00 | OK |
Version: 0.7.7
Check: Rd cross-references
Result: NOTE
Undeclared package ‘SIBER’ in Rd xrefs
Flavor: r-devel-linux-x86_64-fedora-clang
Version: 0.7.7
Check: Rd cross-references
Result: NOTE
Package unavailable to check Rd xrefs: ‘SIBER’
Flavor: r-oldrel-macos-arm64