Last updated on 2022-08-15 08:50:10 CEST.
Flavor | Version | Tinstall | Tcheck | Ttotal | Status | Flags |
---|---|---|---|---|---|---|
r-devel-linux-x86_64-debian-clang | 0.4.0 | 6.55 | 68.92 | 75.47 | NOTE | |
r-devel-linux-x86_64-debian-gcc | 0.4.0 | 5.07 | 53.60 | 58.67 | NOTE | |
r-devel-linux-x86_64-fedora-clang | 0.4.0 | 87.55 | NOTE | |||
r-devel-linux-x86_64-fedora-gcc | 0.4.0 | 88.11 | NOTE | |||
r-devel-windows-x86_64 | 0.4.0 | 34.00 | 144.00 | 178.00 | OK | |
r-patched-linux-x86_64 | 0.4.0 | 7.52 | 66.58 | 74.10 | NOTE | |
r-release-linux-x86_64 | 0.4.0 | 5.93 | 67.61 | 73.54 | NOTE | |
r-release-macos-arm64 | 0.4.0 | 28.00 | OK | |||
r-release-macos-x86_64 | 0.4.0 | 41.00 | OK | |||
r-release-windows-x86_64 | 0.4.0 | 31.00 | 139.00 | 170.00 | OK | |
r-oldrel-macos-arm64 | 0.4.0 | 45.00 | OK | |||
r-oldrel-macos-x86_64 | 0.4.0 | 51.00 | OK | |||
r-oldrel-windows-ix86+x86_64 | 0.4.0 | 27.00 | 128.00 | 155.00 | OK |
Version: 0.4.0
Check: for non-standard things in the check directory
Result: NOTE
Found the following files/directories:
'.xls' 'attenu.xls' 'chick1.xls' 'chick2.xls' 'generic1.xls'
'hands.xls' 'table1.xls'
Flavors: r-devel-linux-x86_64-debian-clang, r-devel-linux-x86_64-debian-gcc, r-devel-linux-x86_64-fedora-clang, r-devel-linux-x86_64-fedora-gcc, r-patched-linux-x86_64, r-release-linux-x86_64