Last updated on 2022-08-15 08:50:10 CEST.
Flavor | Version | Tinstall | Tcheck | Ttotal | Status | Flags |
---|---|---|---|---|---|---|
r-devel-linux-x86_64-debian-clang | 2.1.0 | 6.32 | 63.13 | 69.45 | NOTE | |
r-devel-linux-x86_64-debian-gcc | 2.1.0 | 4.77 | 46.98 | 51.75 | NOTE | |
r-devel-linux-x86_64-fedora-clang | 2.1.0 | 93.62 | NOTE | |||
r-devel-linux-x86_64-fedora-gcc | 2.1.0 | 90.38 | NOTE | |||
r-devel-windows-x86_64 | 2.1.0 | 40.00 | 105.00 | 145.00 | NOTE | |
r-patched-linux-x86_64 | 2.1.0 | 6.92 | 59.28 | 66.20 | NOTE | |
r-release-linux-x86_64 | 2.1.0 | 6.19 | 60.46 | 66.65 | NOTE | |
r-release-macos-arm64 | 2.1.0 | 33.00 | NOTE | |||
r-release-macos-x86_64 | 2.1.0 | 62.00 | NOTE | |||
r-release-windows-x86_64 | 2.1.0 | 47.00 | 111.00 | 158.00 | NOTE | |
r-oldrel-macos-arm64 | 2.1.0 | 32.00 | NOTE | |||
r-oldrel-macos-x86_64 | 2.1.0 | 61.00 | NOTE | |||
r-oldrel-windows-ix86+x86_64 | 2.1.0 | 17.00 | 101.00 | 118.00 | NOTE |
Version: 2.1.0
Check: LazyData
Result: NOTE
'LazyData' is specified without a 'data' directory
Flavors: r-devel-linux-x86_64-debian-clang, r-devel-linux-x86_64-debian-gcc, r-devel-linux-x86_64-fedora-clang, r-devel-linux-x86_64-fedora-gcc, r-devel-windows-x86_64, r-patched-linux-x86_64, r-release-linux-x86_64, r-release-macos-arm64, r-release-macos-x86_64, r-release-windows-x86_64, r-oldrel-macos-arm64, r-oldrel-macos-x86_64, r-oldrel-windows-ix86+x86_64
Version: 2.1.0
Check: installed package size
Result: NOTE
installed size is 6.2Mb
sub-directories of 1Mb or more:
doc 5.9Mb
Flavors: r-devel-linux-x86_64-fedora-clang, r-devel-windows-x86_64, r-release-macos-arm64, r-release-macos-x86_64, r-release-windows-x86_64, r-oldrel-macos-arm64, r-oldrel-macos-x86_64, r-oldrel-windows-ix86+x86_64
Version: 2.1.0
Check: dependencies in R code
Result: NOTE
Namespace in Imports field not imported from: ‘shiny’
All declared Imports should be used.
Flavors: r-devel-linux-x86_64-fedora-clang, r-devel-linux-x86_64-fedora-gcc, r-release-macos-arm64, r-release-macos-x86_64, r-oldrel-macos-arm64, r-oldrel-macos-x86_64