Last updated on 2022-08-15 08:50:10 CEST.
Flavor | Version | Tinstall | Tcheck | Ttotal | Status | Flags |
---|---|---|---|---|---|---|
r-devel-linux-x86_64-debian-clang | 1.1.1 | 1.71 | 21.45 | 23.16 | NOTE | |
r-devel-linux-x86_64-debian-gcc | 1.1.1 | 1.59 | 16.77 | 18.36 | NOTE | |
r-devel-linux-x86_64-fedora-clang | 1.1.1 | 39.92 | NOTE | |||
r-devel-linux-x86_64-fedora-gcc | 1.1.1 | 39.33 | NOTE | |||
r-devel-windows-x86_64 | 1.1.1 | 12.00 | 50.00 | 62.00 | NOTE | |
r-patched-linux-x86_64 | 1.1.1 | 1.72 | 21.12 | 22.84 | OK | |
r-release-linux-x86_64 | 1.1.1 | 2.07 | 21.00 | 23.07 | OK | |
r-release-macos-arm64 | 1.1.1 | 14.00 | OK | |||
r-release-macos-x86_64 | 1.1.1 | 21.00 | OK | |||
r-release-windows-x86_64 | 1.1.1 | 7.00 | 42.00 | 49.00 | OK | |
r-oldrel-macos-arm64 | 1.1.1 | 18.00 | OK | |||
r-oldrel-macos-x86_64 | 1.1.1 | 32.00 | OK | |||
r-oldrel-windows-ix86+x86_64 | 1.1.1 | 5.00 | 25.00 | 30.00 | OK |
Version: 1.1.1
Check: package subdirectories
Result: NOTE
Problems with news in 'NEWS.md':
No news entries found.
Flavors: r-devel-linux-x86_64-debian-clang, r-devel-linux-x86_64-debian-gcc, r-devel-linux-x86_64-fedora-clang, r-devel-linux-x86_64-fedora-gcc, r-devel-windows-x86_64