Last updated on 2022-08-15 08:50:10 CEST.
Flavor | Version | Tinstall | Tcheck | Ttotal | Status | Flags |
---|---|---|---|---|---|---|
r-devel-linux-x86_64-debian-clang | 1.0.0 | 5.32 | 54.45 | 59.77 | NOTE | |
r-devel-linux-x86_64-debian-gcc | 1.0.0 | 4.34 | 39.25 | 43.59 | NOTE | |
r-devel-linux-x86_64-fedora-clang | 1.0.0 | 81.91 | NOTE | |||
r-devel-linux-x86_64-fedora-gcc | 1.0.0 | 78.78 | NOTE | |||
r-devel-windows-x86_64 | 1.0.0 | 12.00 | 71.00 | 83.00 | NOTE | |
r-patched-linux-x86_64 | 1.0.0 | 4.28 | 48.39 | 52.67 | NOTE | |
r-release-linux-x86_64 | 1.0.0 | 3.81 | 49.69 | 53.50 | NOTE | |
r-release-macos-arm64 | 1.0.0 | 23.00 | NOTE | |||
r-release-macos-x86_64 | 1.0.0 | 40.00 | NOTE | |||
r-release-windows-x86_64 | 1.0.0 | 9.00 | 75.00 | 84.00 | NOTE | |
r-oldrel-macos-arm64 | 1.0.0 | 23.00 | NOTE | |||
r-oldrel-macos-x86_64 | 1.0.0 | 41.00 | NOTE | |||
r-oldrel-windows-ix86+x86_64 | 1.0.0 | 14.00 | 67.00 | 81.00 | NOTE |
Version: 1.0.0
Check: LazyData
Result: NOTE
'LazyData' is specified without a 'data' directory
Flavors: r-devel-linux-x86_64-debian-clang, r-devel-linux-x86_64-debian-gcc, r-devel-linux-x86_64-fedora-clang, r-devel-linux-x86_64-fedora-gcc, r-devel-windows-x86_64, r-patched-linux-x86_64, r-release-linux-x86_64, r-release-macos-arm64, r-release-macos-x86_64, r-release-windows-x86_64, r-oldrel-macos-arm64, r-oldrel-macos-x86_64, r-oldrel-windows-ix86+x86_64
Version: 1.0.0
Check: dependencies in R code
Result: NOTE
Namespaces in Imports field not imported from:
‘stringr’ ‘tibble’
All declared Imports should be used.
Flavors: r-devel-linux-x86_64-fedora-clang, r-devel-linux-x86_64-fedora-gcc, r-release-macos-arm64, r-release-macos-x86_64, r-oldrel-macos-arm64, r-oldrel-macos-x86_64