Last updated on 2022-08-15 08:50:10 CEST.
Flavor | Version | Tinstall | Tcheck | Ttotal | Status | Flags |
---|---|---|---|---|---|---|
r-devel-linux-x86_64-debian-clang | 0.1.2 | 3.86 | 43.18 | 47.04 | NOTE | |
r-devel-linux-x86_64-debian-gcc | 0.1.2 | 2.28 | 32.99 | 35.27 | NOTE | |
r-devel-linux-x86_64-fedora-clang | 0.1.2 | 67.61 | NOTE | |||
r-devel-linux-x86_64-fedora-gcc | 0.1.2 | 69.02 | NOTE | |||
r-devel-windows-x86_64 | 0.1.2 | 17.00 | 70.00 | 87.00 | NOTE | |
r-patched-linux-x86_64 | 0.1.2 | 4.34 | 40.48 | 44.82 | NOTE | |
r-release-linux-x86_64 | 0.1.2 | 3.72 | 42.08 | 45.80 | NOTE | |
r-release-macos-arm64 | 0.1.2 | 23.00 | NOTE | |||
r-release-macos-x86_64 | 0.1.2 | 40.00 | NOTE | |||
r-release-windows-x86_64 | 0.1.2 | 14.00 | 73.00 | 87.00 | NOTE | |
r-oldrel-macos-arm64 | 0.1.2 | 23.00 | NOTE | |||
r-oldrel-macos-x86_64 | 0.1.2 | 40.00 | NOTE | |||
r-oldrel-windows-ix86+x86_64 | 0.1.2 | 14.00 | 66.00 | 80.00 | NOTE |
Version: 0.1.2
Check: LazyData
Result: NOTE
'LazyData' is specified without a 'data' directory
Flavors: r-devel-linux-x86_64-debian-clang, r-devel-linux-x86_64-debian-gcc, r-devel-linux-x86_64-fedora-clang, r-devel-linux-x86_64-fedora-gcc, r-devel-windows-x86_64, r-patched-linux-x86_64, r-release-linux-x86_64, r-release-macos-arm64, r-release-macos-x86_64, r-release-windows-x86_64, r-oldrel-macos-arm64, r-oldrel-macos-x86_64, r-oldrel-windows-ix86+x86_64