Last updated on 2022-08-15 08:50:10 CEST.
Flavor | Version | Tinstall | Tcheck | Ttotal | Status | Flags |
---|---|---|---|---|---|---|
r-devel-linux-x86_64-debian-clang | 0.3 | 16.29 | 147.28 | 163.57 | NOTE | |
r-devel-linux-x86_64-debian-gcc | 0.3 | 12.79 | 107.06 | 119.85 | NOTE | |
r-devel-linux-x86_64-fedora-clang | 0.3 | 206.64 | NOTE | |||
r-devel-linux-x86_64-fedora-gcc | 0.3 | 197.30 | NOTE | |||
r-devel-windows-x86_64 | 0.3 | 20.00 | 162.00 | 182.00 | NOTE | |
r-patched-linux-x86_64 | 0.3 | 13.54 | 139.60 | 153.14 | OK | |
r-release-linux-x86_64 | 0.3 | 11.73 | 140.43 | 152.16 | OK | |
r-release-macos-arm64 | 0.3 | 54.00 | OK | |||
r-release-macos-x86_64 | 0.3 | 106.00 | OK | |||
r-release-windows-x86_64 | 0.3 | 23.00 | 169.00 | 192.00 | OK | |
r-oldrel-macos-arm64 | 0.3 | 52.00 | OK | |||
r-oldrel-macos-x86_64 | 0.3 | 108.00 | OK | |||
r-oldrel-windows-ix86+x86_64 | 0.3 | 39.00 | 159.00 | 198.00 | OK |
Version: 0.3
Check: Rd files
Result: NOTE
checkRd: (-1) tapnet-package.Rd:40: Escaped LaTeX specials: \&
Flavors: r-devel-linux-x86_64-debian-clang, r-devel-linux-x86_64-debian-gcc, r-devel-linux-x86_64-fedora-clang, r-devel-linux-x86_64-fedora-gcc, r-devel-windows-x86_64