Last updated on 2022-08-15 08:50:10 CEST.
Flavor | Version | Tinstall | Tcheck | Ttotal | Status | Flags |
---|---|---|---|---|---|---|
r-devel-linux-x86_64-debian-clang | 0.2.0 | 190.57 | 141.07 | 331.64 | OK | |
r-devel-linux-x86_64-debian-gcc | 0.2.0 | 158.37 | 125.72 | 284.09 | OK | |
r-devel-linux-x86_64-fedora-clang | 0.2.0 | 447.66 | OK | |||
r-devel-linux-x86_64-fedora-gcc | 0.2.0 | 417.69 | OK | |||
r-devel-windows-x86_64 | 0.2.0 | 154.00 | 169.00 | 323.00 | OK | |
r-patched-linux-x86_64 | 0.2.0 | 169.42 | 128.26 | 297.68 | OK | |
r-release-linux-x86_64 | 0.2.0 | 170.63 | 131.51 | 302.14 | OK | |
r-release-macos-arm64 | 0.2.0 | 101.00 | NOTE | |||
r-release-macos-x86_64 | 0.2.0 | 133.00 | NOTE | |||
r-release-windows-x86_64 | 0.2.0 | 144.00 | 180.00 | 324.00 | OK | |
r-oldrel-macos-arm64 | 0.2.0 | 92.00 | NOTE | |||
r-oldrel-macos-x86_64 | 0.2.0 | 135.00 | NOTE | |||
r-oldrel-windows-ix86+x86_64 | 0.2.0 | 450.00 | 214.00 | 664.00 | OK |
Version: 0.2.0
Check: installed package size
Result: NOTE
installed size is 11.5Mb
sub-directories of 1Mb or more:
libs 10.5Mb
Flavors: r-release-macos-arm64, r-release-macos-x86_64, r-oldrel-macos-arm64, r-oldrel-macos-x86_64