Last updated on 2022-08-15 08:50:10 CEST.
Flavor | Version | Tinstall | Tcheck | Ttotal | Status | Flags |
---|---|---|---|---|---|---|
r-devel-linux-x86_64-debian-clang | 0.1.1 | 8.67 | 71.36 | 80.03 | NOTE | |
r-devel-linux-x86_64-debian-gcc | 0.1.1 | 5.07 | 51.57 | 56.64 | NOTE | |
r-devel-linux-x86_64-fedora-clang | 0.1.1 | 105.31 | NOTE | |||
r-devel-linux-x86_64-fedora-gcc | 0.1.1 | 101.17 | NOTE | |||
r-devel-windows-x86_64 | 0.1.1 | 15.00 | 90.00 | 105.00 | NOTE | |
r-patched-linux-x86_64 | 0.1.1 | 6.43 | 65.35 | 71.78 | NOTE | |
r-release-linux-x86_64 | 0.1.1 | 7.06 | 64.80 | 71.86 | NOTE | |
r-release-macos-arm64 | 0.1.1 | 31.00 | NOTE | |||
r-release-macos-x86_64 | 0.1.1 | 54.00 | NOTE | |||
r-release-windows-x86_64 | 0.1.1 | 14.00 | 97.00 | 111.00 | NOTE | |
r-oldrel-macos-arm64 | 0.1.1 | 34.00 | NOTE | |||
r-oldrel-macos-x86_64 | 0.1.1 | 59.00 | NOTE | |||
r-oldrel-windows-ix86+x86_64 | 0.1.1 | 18.00 | 84.00 | 102.00 | NOTE |
Version: 0.1.1
Check: package dependencies
Result: NOTE
Package suggested but not available for checking: 'tashudata'
Flavors: r-devel-linux-x86_64-debian-clang, r-devel-linux-x86_64-debian-gcc, r-devel-linux-x86_64-fedora-clang, r-devel-linux-x86_64-fedora-gcc, r-devel-windows-x86_64, r-patched-linux-x86_64, r-release-linux-x86_64, r-release-macos-arm64, r-release-macos-x86_64, r-release-windows-x86_64, r-oldrel-macos-arm64, r-oldrel-macos-x86_64, r-oldrel-windows-ix86+x86_64
Version: 0.1.1
Check: LazyData
Result: NOTE
'LazyData' is specified without a 'data' directory
Flavors: r-devel-linux-x86_64-debian-clang, r-devel-linux-x86_64-debian-gcc, r-devel-linux-x86_64-fedora-clang, r-devel-linux-x86_64-fedora-gcc, r-devel-windows-x86_64, r-patched-linux-x86_64, r-release-linux-x86_64, r-release-macos-arm64, r-release-macos-x86_64, r-release-windows-x86_64, r-oldrel-macos-arm64, r-oldrel-macos-x86_64, r-oldrel-windows-ix86+x86_64
Version: 0.1.1
Check: dependencies in R code
Result: NOTE
Namespaces in Imports field not imported from:
‘drat’ ‘plyr’
All declared Imports should be used.
Flavors: r-devel-linux-x86_64-fedora-clang, r-devel-linux-x86_64-fedora-gcc, r-release-macos-arm64, r-release-macos-x86_64, r-oldrel-macos-arm64, r-oldrel-macos-x86_64