Last updated on 2022-08-15 08:50:10 CEST.
Flavor | Version | Tinstall | Tcheck | Ttotal | Status | Flags |
---|---|---|---|---|---|---|
r-devel-linux-x86_64-debian-clang | 1.1.1 | 6.01 | 81.90 | 87.91 | NOTE | |
r-devel-linux-x86_64-debian-gcc | 1.1.1 | 3.72 | 58.95 | 62.67 | NOTE | |
r-devel-linux-x86_64-fedora-clang | 1.1.1 | 113.59 | NOTE | |||
r-devel-linux-x86_64-fedora-gcc | 1.1.1 | 108.88 | NOTE | |||
r-devel-windows-x86_64 | 1.1.1 | 42.00 | 108.00 | 150.00 | NOTE | |
r-patched-linux-x86_64 | 1.1.1 | 7.15 | 76.07 | 83.22 | NOTE | |
r-release-linux-x86_64 | 1.1.1 | 5.01 | 75.17 | 80.18 | NOTE | |
r-release-macos-arm64 | 1.1.1 | 32.00 | NOTE | |||
r-release-macos-x86_64 | 1.1.1 | 43.00 | NOTE | |||
r-release-windows-x86_64 | 1.1.1 | 37.00 | 120.00 | 157.00 | NOTE | |
r-oldrel-macos-arm64 | 1.1.1 | 37.00 | NOTE | |||
r-oldrel-macos-x86_64 | 1.1.1 | 68.00 | NOTE | |||
r-oldrel-windows-ix86+x86_64 | 1.1.1 | 10.00 | 102.00 | 112.00 | NOTE |
Version: 1.1.1
Check: LazyData
Result: NOTE
'LazyData' is specified without a 'data' directory
Flavors: r-devel-linux-x86_64-debian-clang, r-devel-linux-x86_64-debian-gcc, r-devel-linux-x86_64-fedora-clang, r-devel-linux-x86_64-fedora-gcc, r-devel-windows-x86_64, r-patched-linux-x86_64, r-release-linux-x86_64, r-release-macos-arm64, r-release-macos-x86_64, r-release-windows-x86_64, r-oldrel-macos-arm64, r-oldrel-macos-x86_64, r-oldrel-windows-ix86+x86_64