Last updated on 2022-08-15 08:50:10 CEST.
Flavor | Version | Tinstall | Tcheck | Ttotal | Status | Flags |
---|---|---|---|---|---|---|
r-devel-linux-x86_64-debian-clang | 1.0.0 | 6.05 | 74.26 | 80.31 | OK | |
r-devel-linux-x86_64-debian-gcc | 1.0.0 | 5.92 | 54.55 | 60.47 | OK | |
r-devel-linux-x86_64-fedora-clang | 1.0.0 | 105.85 | NOTE | |||
r-devel-linux-x86_64-fedora-gcc | 1.0.0 | 103.01 | NOTE | |||
r-devel-windows-x86_64 | 1.0.0 | 126.00 | 94.00 | 220.00 | OK | |
r-patched-linux-x86_64 | 1.0.0 | 7.63 | 67.96 | 75.59 | OK | |
r-release-linux-x86_64 | 1.0.0 | 7.92 | 69.06 | 76.98 | OK | |
r-release-macos-arm64 | 1.0.0 | 29.00 | NOTE | |||
r-release-macos-x86_64 | 1.0.0 | 60.00 | NOTE | |||
r-release-windows-x86_64 | 1.0.0 | 128.00 | 101.00 | 229.00 | OK | |
r-oldrel-macos-arm64 | 1.0.0 | 29.00 | NOTE | |||
r-oldrel-macos-x86_64 | 1.0.0 | 42.00 | NOTE | |||
r-oldrel-windows-ix86+x86_64 | 1.0.0 | 16.00 | 89.00 | 105.00 | OK |
Version: 1.0.0
Check: data for non-ASCII characters
Result: NOTE
Note: found 50 marked UTF-8 strings
Flavors: r-devel-linux-x86_64-fedora-clang, r-devel-linux-x86_64-fedora-gcc, r-release-macos-arm64, r-release-macos-x86_64, r-oldrel-macos-arm64, r-oldrel-macos-x86_64