Last updated on 2022-08-15 08:50:10 CEST.
Flavor | Version | Tinstall | Tcheck | Ttotal | Status | Flags |
---|---|---|---|---|---|---|
r-devel-linux-x86_64-debian-clang | 0.1.0 | 8.74 | 72.92 | 81.66 | NOTE | |
r-devel-linux-x86_64-debian-gcc | 0.1.0 | 6.58 | 54.14 | 60.72 | NOTE | |
r-devel-linux-x86_64-fedora-clang | 0.1.0 | 107.80 | NOTE | |||
r-devel-linux-x86_64-fedora-gcc | 0.1.0 | 105.08 | NOTE | |||
r-devel-windows-x86_64 | 0.1.0 | 10.00 | 86.00 | 96.00 | NOTE | |
r-patched-linux-x86_64 | 0.1.0 | 7.75 | 67.95 | 75.70 | NOTE | |
r-release-linux-x86_64 | 0.1.0 | 8.12 | 69.88 | 78.00 | NOTE | |
r-release-macos-arm64 | 0.1.0 | 32.00 | NOTE | |||
r-release-macos-x86_64 | 0.1.0 | 41.00 | NOTE | |||
r-release-windows-x86_64 | 0.1.0 | 10.00 | 93.00 | 103.00 | NOTE | |
r-oldrel-macos-arm64 | 0.1.0 | 33.00 | NOTE | |||
r-oldrel-macos-x86_64 | 0.1.0 | 51.00 | NOTE | |||
r-oldrel-windows-ix86+x86_64 | 0.1.0 | 19.00 | 88.00 | 107.00 | NOTE |
Version: 0.1.0
Check: LazyData
Result: NOTE
'LazyData' is specified without a 'data' directory
Flavors: r-devel-linux-x86_64-debian-clang, r-devel-linux-x86_64-debian-gcc, r-devel-linux-x86_64-fedora-clang, r-devel-linux-x86_64-fedora-gcc, r-devel-windows-x86_64, r-patched-linux-x86_64, r-release-linux-x86_64, r-release-macos-arm64, r-release-macos-x86_64, r-release-windows-x86_64, r-oldrel-macos-arm64, r-oldrel-macos-x86_64, r-oldrel-windows-ix86+x86_64