Last updated on 2022-08-15 08:50:10 CEST.
Flavor | Version | Tinstall | Tcheck | Ttotal | Status | Flags |
---|---|---|---|---|---|---|
r-devel-linux-x86_64-debian-clang | 0.1.2 | 43.96 | 111.88 | 155.84 | OK | |
r-devel-linux-x86_64-debian-gcc | 0.1.2 | 37.44 | 88.91 | 126.35 | OK | |
r-devel-linux-x86_64-fedora-clang | 0.1.2 | 204.44 | OK | |||
r-devel-linux-x86_64-fedora-gcc | 0.1.2 | 210.90 | OK | |||
r-devel-windows-x86_64 | 0.1.2 | 116.00 | 152.00 | 268.00 | OK | |
r-patched-linux-x86_64 | 0.1.2 | 43.40 | 104.23 | 147.63 | OK | |
r-release-linux-x86_64 | 0.1.2 | 38.89 | 102.91 | 141.80 | OK | |
r-release-macos-arm64 | 0.1.2 | 56.00 | OK | |||
r-release-macos-x86_64 | 0.1.2 | 108.00 | OK | |||
r-release-windows-x86_64 | 0.1.2 | 71.00 | 158.00 | 229.00 | OK | |
r-oldrel-macos-arm64 | 0.1.2 | 65.00 | NOTE | |||
r-oldrel-macos-x86_64 | 0.1.2 | 75.00 | OK | |||
r-oldrel-windows-ix86+x86_64 | 0.1.2 | 107.00 | 167.00 | 274.00 | OK |
Version: 0.1.2
Check: installed package size
Result: NOTE
installed size is 5.3Mb
sub-directories of 1Mb or more:
libs 4.2Mb
Flavor: r-oldrel-macos-arm64