Last updated on 2022-08-15 08:50:10 CEST.
Flavor | Version | Tinstall | Tcheck | Ttotal | Status | Flags |
---|---|---|---|---|---|---|
r-devel-linux-x86_64-debian-clang | 1.2-11 | 5.69 | 39.77 | 45.46 | NOTE | |
r-devel-linux-x86_64-debian-gcc | 1.2-11 | 4.56 | 30.45 | 35.01 | NOTE | |
r-devel-linux-x86_64-fedora-clang | 1.2-11 | 66.33 | NOTE | |||
r-devel-linux-x86_64-fedora-gcc | 1.2-11 | 65.23 | NOTE | |||
r-devel-windows-x86_64 | 1.2-11 | 533.00 | 94.00 | 627.00 | NOTE | |
r-patched-linux-x86_64 | 1.2-11 | 8.15 | 41.39 | 49.54 | NOTE | |
r-release-linux-x86_64 | 1.2-11 | 7.72 | 41.26 | 48.98 | NOTE | |
r-release-macos-arm64 | 1.2-11 | 38.00 | NOTE | |||
r-release-macos-x86_64 | 1.2-11 | 45.00 | NOTE | |||
r-release-windows-x86_64 | 1.2-11 | 34.00 | 71.00 | 105.00 | NOTE | |
r-oldrel-macos-arm64 | 1.2-11 | 43.00 | NOTE | |||
r-oldrel-macos-x86_64 | 1.2-11 | 72.00 | NOTE | |||
r-oldrel-windows-ix86+x86_64 | 1.2-11 | 12.00 | 38.00 | 50.00 | NOTE |
Version: 1.2-11
Check: DESCRIPTION meta-information
Result: NOTE
Malformed Description field: should contain one or more complete sentences.
Flavors: r-devel-linux-x86_64-debian-clang, r-devel-linux-x86_64-debian-gcc, r-devel-linux-x86_64-fedora-clang, r-devel-linux-x86_64-fedora-gcc, r-devel-windows-x86_64, r-patched-linux-x86_64, r-release-linux-x86_64, r-release-macos-arm64, r-release-macos-x86_64, r-release-windows-x86_64, r-oldrel-macos-arm64, r-oldrel-macos-x86_64, r-oldrel-windows-ix86+x86_64
Version: 1.2-11
Check: installed package size
Result: NOTE
installed size is 5.2Mb
sub-directories of 1Mb or more:
tklibs 4.9Mb
Flavors: r-devel-linux-x86_64-fedora-clang, r-release-macos-arm64, r-release-macos-x86_64, r-oldrel-macos-arm64, r-oldrel-macos-x86_64