Last updated on 2022-08-15 08:50:10 CEST.
Flavor | Version | Tinstall | Tcheck | Ttotal | Status | Flags |
---|---|---|---|---|---|---|
r-devel-linux-x86_64-debian-clang | 1.0 | 7.50 | 66.13 | 73.63 | OK | |
r-devel-linux-x86_64-debian-gcc | 1.0 | 5.30 | 50.12 | 55.42 | OK | |
r-devel-linux-x86_64-fedora-clang | 1.0 | 97.87 | NOTE | |||
r-devel-linux-x86_64-fedora-gcc | 1.0 | 99.80 | OK | |||
r-devel-windows-x86_64 | 1.0 | 11.00 | 86.00 | 97.00 | OK | |
r-patched-linux-x86_64 | 1.0 | 7.74 | 64.96 | 72.70 | OK | |
r-release-linux-x86_64 | 1.0 | 7.99 | 63.84 | 71.83 | OK | |
r-release-macos-arm64 | 1.0 | 31.00 | OK | |||
r-release-macos-x86_64 | 1.0 | 45.00 | OK | |||
r-release-windows-x86_64 | 1.0 | 15.00 | 92.00 | 107.00 | OK | |
r-oldrel-macos-arm64 | 1.0 | 38.00 | OK | |||
r-oldrel-macos-x86_64 | 1.0 | 56.00 | OK | |||
r-oldrel-windows-ix86+x86_64 | 1.0 | 16.00 | 83.00 | 99.00 | OK |
Version: 1.0
Check: Rd cross-references
Result: NOTE
Undeclared package ‘survivalROC’ in Rd xrefs
Flavor: r-devel-linux-x86_64-fedora-clang