Last updated on 2022-08-15 08:50:10 CEST.
Flavor | Version | Tinstall | Tcheck | Ttotal | Status | Flags |
---|---|---|---|---|---|---|
r-devel-linux-x86_64-debian-clang | 1.0.3 | 266.07 | 369.95 | 636.02 | OK | |
r-devel-linux-x86_64-debian-gcc | 1.0.3 | 214.89 | 271.43 | 486.32 | OK | |
r-devel-linux-x86_64-fedora-clang | 1.0.3 | 833.52 | OK | |||
r-devel-linux-x86_64-fedora-gcc | 1.0.3 | 865.96 | OK | |||
r-devel-windows-x86_64 | 1.0.3 | 209.00 | 374.00 | 583.00 | OK | |
r-patched-linux-x86_64 | 1.0.3 | 189.43 | 344.54 | 533.97 | OK | |
r-release-linux-x86_64 | 1.0.3 | 186.18 | 348.55 | 534.73 | OK | |
r-release-macos-arm64 | 1.0.3 | 168.00 | NOTE | |||
r-release-macos-x86_64 | 1.0.3 | 287.00 | NOTE | |||
r-release-windows-x86_64 | 1.0.3 | 207.00 | 293.00 | 500.00 | OK | |
r-oldrel-macos-arm64 | 1.0.3 | 137.00 | NOTE | |||
r-oldrel-macos-x86_64 | 1.0.3 | 260.00 | NOTE | |||
r-oldrel-windows-ix86+x86_64 | 1.0.3 | 668.00 | 545.00 | 1213.00 | NOTE |
Version: 1.0.3
Check: installed package size
Result: NOTE
installed size is 19.2Mb
sub-directories of 1Mb or more:
data 2.4Mb
libs 16.5Mb
Flavors: r-release-macos-arm64, r-release-macos-x86_64, r-oldrel-macos-arm64, r-oldrel-macos-x86_64, r-oldrel-windows-ix86+x86_64