Last updated on 2022-08-15 08:50:10 CEST.
Flavor | Version | Tinstall | Tcheck | Ttotal | Status | Flags |
---|---|---|---|---|---|---|
r-devel-linux-x86_64-debian-clang | 1.0.0 | 14.48 | 103.44 | 117.92 | NOTE | |
r-devel-linux-x86_64-debian-gcc | 1.0.0 | 11.24 | 75.04 | 86.28 | NOTE | |
r-devel-linux-x86_64-fedora-clang | 1.0.0 | 149.65 | NOTE | |||
r-devel-linux-x86_64-fedora-gcc | 1.0.0 | 147.44 | NOTE | |||
r-devel-windows-x86_64 | 1.0.0 | 26.00 | 115.00 | 141.00 | NOTE | |
r-patched-linux-x86_64 | 1.0.0 | 11.99 | 97.58 | 109.57 | OK | |
r-release-linux-x86_64 | 1.0.0 | 14.93 | 96.95 | 111.88 | OK | |
r-release-macos-arm64 | 1.0.0 | 37.00 | OK | |||
r-release-macos-x86_64 | 1.0.0 | 62.00 | OK | |||
r-release-windows-x86_64 | 1.0.0 | 31.00 | 116.00 | 147.00 | OK | |
r-oldrel-macos-arm64 | 1.0.0 | 37.00 | OK | |||
r-oldrel-macos-x86_64 | 1.0.0 | 55.00 | OK | |||
r-oldrel-windows-ix86+x86_64 | 1.0.0 | 25.00 | 118.00 | 143.00 | OK |
Version: 1.0.0
Check: package subdirectories
Result: NOTE
Problems with news in 'NEWS.md':
No news entries found.
Flavors: r-devel-linux-x86_64-debian-clang, r-devel-linux-x86_64-debian-gcc, r-devel-linux-x86_64-fedora-clang, r-devel-linux-x86_64-fedora-gcc, r-devel-windows-x86_64