Last updated on 2022-08-15 08:50:10 CEST.
Flavor | Version | Tinstall | Tcheck | Ttotal | Status | Flags |
---|---|---|---|---|---|---|
r-devel-linux-x86_64-debian-clang | 0.9.3 | 13.58 | 52.01 | 65.59 | OK | |
r-devel-linux-x86_64-debian-gcc | 0.9.3 | 10.89 | 39.03 | 49.92 | OK | |
r-devel-linux-x86_64-fedora-clang | 0.9.3 | 92.64 | NOTE | |||
r-devel-linux-x86_64-fedora-gcc | 0.9.3 | 88.74 | NOTE | |||
r-devel-windows-x86_64 | 0.9.3 | 61.00 | 75.00 | 136.00 | OK | |
r-patched-linux-x86_64 | 0.9.3 | 12.53 | 47.34 | 59.87 | OK | |
r-release-linux-x86_64 | 0.9.3 | 11.19 | 48.44 | 59.63 | OK | |
r-release-macos-arm64 | 0.9.3 | 34.00 | NOTE | |||
r-release-macos-x86_64 | 0.9.3 | 47.00 | NOTE | |||
r-release-windows-x86_64 | 0.9.3 | 85.00 | 73.00 | 158.00 | OK | |
r-oldrel-macos-arm64 | 0.9.3 | 41.00 | NOTE | |||
r-oldrel-macos-x86_64 | 0.9.3 | 55.00 | NOTE | |||
r-oldrel-windows-ix86+x86_64 | 0.9.3 | 25.00 | 68.00 | 93.00 | OK |
Version: 0.9.3
Check: dependencies in R code
Result: NOTE
Namespace in Imports field not imported from: ‘lexicon’
All declared Imports should be used.
Flavors: r-devel-linux-x86_64-fedora-clang, r-devel-linux-x86_64-fedora-gcc, r-release-macos-arm64, r-release-macos-x86_64, r-oldrel-macos-arm64, r-oldrel-macos-x86_64
Version: 0.9.3
Check: Rd cross-references
Result: NOTE
Undeclared package ‘gsubfn’ in Rd xrefs
Flavor: r-devel-linux-x86_64-fedora-clang