Last updated on 2022-08-15 08:50:10 CEST.
Flavor | Version | Tinstall | Tcheck | Ttotal | Status | Flags |
---|---|---|---|---|---|---|
r-devel-linux-x86_64-debian-clang | 3.0.5 | 113.37 | 395.27 | 508.64 | OK | |
r-devel-linux-x86_64-debian-gcc | 3.0.5 | 90.15 | 291.14 | 381.29 | OK | |
r-devel-linux-x86_64-fedora-clang | 3.0.5 | 652.81 | NOTE | |||
r-devel-linux-x86_64-fedora-gcc | 3.0.5 | 641.70 | OK | |||
r-devel-windows-x86_64 | 3.0.5 | 113.00 | 533.00 | 646.00 | OK | |
r-patched-linux-x86_64 | 3.0.5 | 95.06 | 390.10 | 485.16 | OK | |
r-release-linux-x86_64 | 3.0.5 | 89.57 | 383.68 | 473.25 | OK | |
r-release-macos-arm64 | 3.0.5 | 180.00 | NOTE | |||
r-release-macos-x86_64 | 3.0.5 | 221.00 | NOTE | |||
r-release-windows-x86_64 | 3.0.5 | 115.00 | 552.00 | 667.00 | OK | |
r-oldrel-macos-arm64 | 3.0.5 | 216.00 | NOTE | |||
r-oldrel-macos-x86_64 | 3.0.5 | 213.00 | NOTE | |||
r-oldrel-windows-ix86+x86_64 | 3.0.5 | 258.00 | 675.00 | 933.00 | OK |
Version: 3.0.5
Check: Rd cross-references
Result: NOTE
Undeclared package ‘tm’ in Rd xrefs
Flavor: r-devel-linux-x86_64-fedora-clang
Version: 3.0.5
Check: installed package size
Result: NOTE
installed size is 5.4Mb
sub-directories of 1Mb or more:
libs 3.5Mb
Flavors: r-release-macos-arm64, r-release-macos-x86_64, r-oldrel-macos-arm64, r-oldrel-macos-x86_64