Last updated on 2022-08-15 08:50:10 CEST.
Flavor | Version | Tinstall | Tcheck | Ttotal | Status | Flags |
---|---|---|---|---|---|---|
r-devel-linux-x86_64-debian-clang | 1.0.0 | 33.06 | 219.96 | 253.02 | OK | |
r-devel-linux-x86_64-debian-gcc | 1.0.0 | 24.19 | 162.42 | 186.61 | OK | |
r-devel-linux-x86_64-fedora-clang | 1.0.0 | 311.55 | NOTE | |||
r-devel-linux-x86_64-fedora-gcc | 1.0.0 | 301.70 | NOTE | |||
r-devel-windows-x86_64 | 1.0.0 | 131.00 | 263.00 | 394.00 | OK | |
r-patched-linux-x86_64 | 1.0.0 | 32.26 | 202.53 | 234.79 | OK | |
r-release-linux-x86_64 | 1.0.0 | 21.11 | 205.88 | 226.99 | OK | |
r-release-macos-arm64 | 1.0.0 | 84.00 | NOTE | |||
r-release-macos-x86_64 | 1.0.0 | 112.00 | NOTE | |||
r-release-windows-x86_64 | 1.0.0 | 133.00 | 271.00 | 404.00 | OK | |
r-oldrel-macos-arm64 | 1.0.0 | 88.00 | NOTE | |||
r-oldrel-macos-x86_64 | 1.0.0 | 118.00 | NOTE | |||
r-oldrel-windows-ix86+x86_64 | 1.0.0 | 80.00 | 384.00 | 464.00 | OK |
Version: 1.0.0
Check: data for non-ASCII characters
Result: NOTE
Note: found 4 marked UTF-8 strings
Flavors: r-devel-linux-x86_64-fedora-clang, r-devel-linux-x86_64-fedora-gcc, r-release-macos-arm64, r-release-macos-x86_64, r-oldrel-macos-arm64, r-oldrel-macos-x86_64